{"id":88,"date":"2010-09-16T13:38:33","date_gmt":"2010-09-16T13:38:33","guid":{"rendered":"http:\/\/localhost\/wordpress\/?page_id=88"},"modified":"2018-01-09T09:05:34","modified_gmt":"2018-01-09T09:05:34","slug":"tha-e-air-tilleadh","status":"publish","type":"page","link":"https:\/\/storlann.co.uk\/mirean\/clar-amais\/ag-innse-mu-rudan-a-thachair-ron-a-seo\/tha-e-air-tilleadh\/","title":{"rendered":"Tha e air tilleadh"},"content":{"rendered":"<h3 class=\"page-info\">M\u00ecneachadh<\/h3>\n<p>Tha caochladh dh\u00f2ighean sa Gh\u00e0idhlig air innse mu rudan a thachair ron a seo.\u00a0 \u2019S e aon dhiubh a bhith a\u2019 cleachdadh <strong>tha, a bheil, chan eil <\/strong>c\u00f2mhla ri <strong>air <\/strong>(no <strong>an d\u00e8idh<\/strong>) agus faclan mar <strong>tilleadh <\/strong>no<strong> d\u00e8anamh<\/strong><em>.<\/em><br \/>\n\u2019S e am p\u00e0tran as s\u00ecmplidhe:<\/p>\n<ul type=\"disc\">\n<li><strong>Tha<\/strong> mi <strong>air tilleadh<\/strong>.<\/li>\n<\/ul>\n<p>Ma tha facal airson rud mar <strong>dealbh<\/strong> no <strong>cat<\/strong> ann, tha am p\u00e0tran seo air a chleachdadh:<\/p>\n<ul type=\"disc\">\n<li><strong>Tha<\/strong> mi <strong>air<\/strong> dealbh <strong>a dh\u00e8anamh.<\/strong><\/li>\n<li><strong>Tha<\/strong> mi<strong> air <\/strong>an<strong> <\/strong>cat<strong> a chur <\/strong>a-mach.<\/li>\n<\/ul>\n<p>Tha an t-atharrachadh san fhacal gn\u00ecomh a r\u00e8ir a\u2019 chiad litir aige:<\/p>\n<ul type=\"disc\">\n<li><strong>b, c, d, g, m, p, t<\/strong>: Tha mi air am balla <strong>a pheantadh.<\/strong><\/li>\n<li><strong>f<\/strong>: Tha mi air mo leabhar <strong>fh<\/strong>\u00e0gail.<\/li>\n<li><strong>f + l\/r<\/strong>: Tha e air am f\u00f2n <strong>a fhr<\/strong>eagairt.<\/li>\n<li><strong>a\/\u00e0, e\/\u00e8, i\/\u00ec, o\/\u00f2, u\/\u00f9<\/strong>: Tha mi air mo sh\u00f9gh <strong>\u00f2<\/strong>l.<\/li>\n<li><strong>l, n, r<\/strong>: Tha mi air leabhar a <strong>l<\/strong>eughadh, an cupa a<strong> n<\/strong>ighe, an r\u00e8is a <strong>r<\/strong>uith.<\/li>\n<li><strong>s, sl, sn, sr<\/strong>: Tha mi air an deuchainn <strong>a<\/strong> <strong>sh<\/strong>uidhe, am bara a<strong> shl<\/strong>aodadh, an abhainn a<strong> shn<\/strong>\u00e0mh, a\u2019 bheinn a<strong> shr<\/strong>eap.<\/li>\n<li><strong>sg, sgl, sgr, sm, sn, sp, spl, spr, st<\/strong>: Tha mi air an r\u00f9m a <strong>sg<\/strong>eadachadh, an litir a<strong> sgr<\/strong>\u00ecobhadh, am bus a<strong> st<\/strong>ad.<\/li>\n<\/ul>\n<p>Tha am p\u00e0tran a leanas air a chleachdadh le<strong> mi, thu, e, i, sinn, sibh, iad<\/strong>:<\/p>\n<ul type=\"disc\">\n<li>Tha iad <strong>air mo sh\u00e0rachadh.<\/strong> (mi)<\/li>\n<\/ul>\n<ul type=\"disc\">\n<li>Chan eil mi <strong>air d\u2019 fhaicinn <\/strong>ron a seo.<strong> <\/strong>(thu).<\/li>\n<\/ul>\n<ul type=\"disc\">\n<li>Tha mi <strong>air a chur <\/strong>air. (e \u2013 me, an solas)<\/li>\n<\/ul>\n<ul type=\"disc\">\n<li>Tha mi <strong>air a h-ithe<\/strong>. (i \u2013 me, a\u2019 ch\u00e8ic)<\/li>\n<\/ul>\n<ul type=\"disc\">\n<li>A bheil iad <strong>air ar faicinn<\/strong>? (sinn)<\/li>\n<\/ul>\n<ul type=\"disc\">\n<li>Chan eil mi <strong>air ur cluinntinn<\/strong> a\u2019 seinn. (sibh)<\/li>\n<\/ul>\n<ul type=\"disc\">\n<li>A bheil sibh <strong>air an sgr\u00ecobhadh<\/strong>.\u00a0\u00a0\u00a0\u00a0\u00a0\u00a0\u00a0\u00a0\u00a0\u00a0\u00a0\u00a0\u00a0\u00a0\u00a0\u00a0\u00a0\u00a0\u00a0\u00a0\u00a0\u00a0\u00a0\u00a0\u00a0\u00a0\u00a0\u00a0\u00a0\u00a0\u00a0\u00a0\u00a0\u00a0\u00a0\u00a0\u00a0\u00a0\u00a0\u00a0\u00a0\u00a0\u00a0\u00a0\u00a0\u00a0\u00a0\u00a0\u00a0\u00a0\u00a0\u00a0\u00a0\u00a0\u00a0\u00a0\u00a0\u00a0\u00a0\u00a0\u00a0\u00a0\u00a0\u00a0\u00a0\u00a0\u00a0\u00a0\u00a0<\/li>\n<li>Tha e <strong>air am bristeadh<\/strong>. (iad).<\/li>\n<\/ul>\n<p>&nbsp;<\/p>\n<hr \/>\n<div id=\"ccchildpages-1\" class=\"ccchildpages ccflex twocol ccgreen ccclearfix\"><ul class=\"ccchildpages_list ccclearfix\"><li class=\"page_item page-item-135\"><a href=\"https:\/\/storlann.co.uk\/mirean\/clar-amais\/ag-innse-mu-rudan-a-thachair-ron-a-seo\/tha-e-air-tilleadh\/eisimpleir\/\">Eisimpleirean<\/a><\/li>\n<li class=\"page_item page-item-144\"><a href=\"https:\/\/storlann.co.uk\/mirean\/clar-amais\/ag-innse-mu-rudan-a-thachair-ron-a-seo\/tha-e-air-tilleadh\/obair-ire-2\/\">Obair \u00ecre 2<\/a><\/li>\n<li class=\"page_item page-item-146\"><a href=\"https:\/\/storlann.co.uk\/mirean\/clar-amais\/ag-innse-mu-rudan-a-thachair-ron-a-seo\/tha-e-air-tilleadh\/obair-ire-3\/\">Obair \u00ecre 3<\/a><\/li><\/ul><\/div>\n","protected":false},"excerpt":{"rendered":"<p>M\u00ecneachadh Tha caochladh dh\u00f2ighean sa Gh\u00e0idhlig air innse mu rudan a thachair ron a seo.\u00a0 \u2019S e aon dhiubh a bhith a\u2019 cleachdadh tha, a bheil, chan eil c\u00f2mhla ri air (no an d\u00e8idh) agus faclan mar tilleadh no d\u00e8anamh. \u2019S e am p\u00e0tran as s\u00ecmplidhe: Tha mi air tilleadh. Ma tha facal airson rud [&hellip;]<\/p>\n","protected":false},"author":1,"featured_media":0,"parent":228,"menu_order":103,"comment_status":"closed","ping_status":"closed","template":"","meta":{"inline_featured_image":false,"footnotes":""},"class_list":["post-88","page","type-page","status-publish","hentry","has-post-title","has-post-date","has-post-category","has-post-tag","has-post-comment","has-post-author",""],"builder_content":"","_links":{"self":[{"href":"https:\/\/storlann.co.uk\/mirean\/wp-json\/wp\/v2\/pages\/88","targetHints":{"allow":["GET"]}}],"collection":[{"href":"https:\/\/storlann.co.uk\/mirean\/wp-json\/wp\/v2\/pages"}],"about":[{"href":"https:\/\/storlann.co.uk\/mirean\/wp-json\/wp\/v2\/types\/page"}],"author":[{"embeddable":true,"href":"https:\/\/storlann.co.uk\/mirean\/wp-json\/wp\/v2\/users\/1"}],"replies":[{"embeddable":true,"href":"https:\/\/storlann.co.uk\/mirean\/wp-json\/wp\/v2\/comments?post=88"}],"version-history":[{"count":0,"href":"https:\/\/storlann.co.uk\/mirean\/wp-json\/wp\/v2\/pages\/88\/revisions"}],"up":[{"embeddable":true,"href":"https:\/\/storlann.co.uk\/mirean\/wp-json\/wp\/v2\/pages\/228"}],"wp:attachment":[{"href":"https:\/\/storlann.co.uk\/mirean\/wp-json\/wp\/v2\/media?parent=88"}],"curies":[{"name":"wp","href":"https:\/\/api.w.org\/{rel}","templated":true}]}}