{"id":69,"date":"2010-09-16T13:19:26","date_gmt":"2010-09-16T13:19:26","guid":{"rendered":"http:\/\/localhost\/wordpress\/?page_id=69"},"modified":"2018-01-09T12:56:43","modified_gmt":"2018-01-09T12:56:43","slug":"obair-ire-t","status":"publish","type":"page","link":"https:\/\/storlann.co.uk\/mirean\/clar-amais\/ag-innse-mu-rudan-a-tha-a-tachairt-aig-an-am-seo\/bidh\/obair-ire-t\/","title":{"rendered":"Obair \u00ecre T"},"content":{"rendered":"<p class=\"obair-ire-t\"><em>Bidh\/ bithidh\/am bi\/gum bi\/cha bhi\/ a bhios; Bidh mi a&#8217; dol ann gach seachdain<\/em><\/p>\n<h3><strong>Cothroman ann an c\u00e0nan a\u2019 chlas airson eisimpleirean a thoirt don chloinn air structaran<\/strong><\/h3>\n<p>Gabh a h-uile cothrom na structaran seo a chleachdadh:<\/p>\n<p>C\u00f2 bhios a\u2019 dol gu Asda? Bidh Anna agus Calum agus Iain agus Sahira. Agus c\u00f2 bhios a\u2019 dol gu Tesco? Bidh D\u00f2mhnall agus Sophie agus Chloe. Bidh mise a\u2019 dol gu Asda cuideachd. Bidh mi dol ann a h-uile seachdain. Uaireannan bidh mi a\u2019 dol gu Tesco air an t-slighe dhachaigh \u00e0s d\u00e8idh na sgoile. Bidh mi ceannach rudan beaga mar phinnt bainne an sin.<\/p>\n<hr \/>\n<h3><strong>Gn\u00ecomhan<\/strong><\/h3>\n<p><strong>\u2018Survey\u2019 s\u00ecmplidh<\/strong><br \/>\n Bruidhinn mu rud mar Asda\/Tesco\/b\u00f9ithtean eile (faic gu h-\u00e0rd), no na rudan sam bi daoine an s\u00e0s aig an deireadh sheachdain agus d\u00e8an liosta mar a leanas:<br \/>\n Bidh Anna a\u2019 dol gu Tesco\u00a0\u00a0\u00a0\u00a0\u00a0\u00a0\u00a0\u00a0\u00a0 Bidh Anna a\u2019 dol don Fh\u00e8is Disathuirne<br \/>\n Bidh Iain a\u2019 dol gu Asda\u00a0\u00a0\u00a0\u00a0\u00a0\u00a0\u00a0\u00a0\u00a0\u00a0\u00a0\u00a0\u00a0 Bidh Iain a\u2019 cluich ball-coise Disathuirne<br \/>\n Bidh Chloe a\u2019 dol gu\u2026\u00a0\u00a0\u00a0\u00a0\u00a0\u00a0\u00a0\u00a0\u00a0\u00a0\u00a0\u00a0\u00a0\u00a0\u00a0\u00a0\u00a0 Bidh Chloe a\u2019 dol gu Tesco Disathuirne<br \/>\n msaa\u00a0\u00a0\u00a0\u00a0\u00a0\u00a0\u00a0\u00a0\u00a0\u00a0\u00a0\u00a0\u00a0\u00a0\u00a0\u00a0\u00a0\u00a0\u00a0\u00a0\u00a0\u00a0\u00a0\u00a0\u00a0\u00a0\u00a0\u00a0\u00a0\u00a0\u00a0\u00a0\u00a0\u00a0\u00a0\u00a0\u00a0\u00a0\u00a0\u00a0\u00a0 \u00a0\u00a0\u00a0\u00a0\u00a0 msaa<\/p>\n<hr \/>\n<h3><strong>Cothroman tar-curraicealam<\/strong><\/h3>\n<p><strong>Ce\u00f2l<\/strong><br \/>\n \u2018Bidh Damhan-Allaidh a\u2019 dannsa\u2019 air <strong>Gluais<\/strong><\/p>\n<p><strong>Topaig: Daoine a chuidicheas sinn<\/strong><br \/>\n Mar ph\u00e0irt den topaig, figh a-staigh an structar mar a leanas:<br \/>\n C\u00e0it am bi dotair ag obair?<br \/>\n D\u00e8 bhios dotair a\u2019 d\u00e8anamh?<br \/>\n D\u00e8 an t-aodach s\u00f2nraichte a bhios air dotair?<br \/>\n D\u00e8 na rudan a bhios dotair a\u2019 cleachdadh?<br \/>\n msaa<\/p>\n<p><strong>Topaig: Beathaichean<\/strong><br \/>\n Mar ph\u00e0irt den topaig, figh a-staigh an structar mar a leanas:<br \/>\n C\u00e0it am bi thu a\u2019 faicinn losgann?<br \/>\n C\u00e0it am bi damhain-allaidh a\u2019 d\u00e8anamh l\u00econ?<br \/>\n D\u00e8 an stuth a bhios eun a\u2019 cleachdadh gus nead a dh\u00e8anamh?<br \/>\n msaa<\/p>\n<h3>\u00a0<\/h3>\n","protected":false},"excerpt":{"rendered":"<p>Bidh\/ bithidh\/am bi\/gum bi\/cha bhi\/ a bhios; Bidh mi a&#8217; dol ann gach seachdain Cothroman ann an c\u00e0nan a\u2019 chlas airson eisimpleirean a thoirt don chloinn air structaran Gabh a h-uile cothrom na structaran seo a chleachdadh: C\u00f2 bhios a\u2019 dol gu Asda? Bidh Anna agus Calum agus Iain agus Sahira. Agus c\u00f2 bhios a\u2019 [&hellip;]<\/p>\n","protected":false},"author":1,"featured_media":0,"parent":234,"menu_order":11,"comment_status":"closed","ping_status":"closed","template":"","meta":{"inline_featured_image":false,"footnotes":""},"class_list":["post-69","page","type-page","status-publish","hentry","has-post-title","has-post-date","has-post-category","has-post-tag","has-post-comment","has-post-author",""],"builder_content":"","_links":{"self":[{"href":"https:\/\/storlann.co.uk\/mirean\/wp-json\/wp\/v2\/pages\/69","targetHints":{"allow":["GET"]}}],"collection":[{"href":"https:\/\/storlann.co.uk\/mirean\/wp-json\/wp\/v2\/pages"}],"about":[{"href":"https:\/\/storlann.co.uk\/mirean\/wp-json\/wp\/v2\/types\/page"}],"author":[{"embeddable":true,"href":"https:\/\/storlann.co.uk\/mirean\/wp-json\/wp\/v2\/users\/1"}],"replies":[{"embeddable":true,"href":"https:\/\/storlann.co.uk\/mirean\/wp-json\/wp\/v2\/comments?post=69"}],"version-history":[{"count":0,"href":"https:\/\/storlann.co.uk\/mirean\/wp-json\/wp\/v2\/pages\/69\/revisions"}],"up":[{"embeddable":true,"href":"https:\/\/storlann.co.uk\/mirean\/wp-json\/wp\/v2\/pages\/234"}],"wp:attachment":[{"href":"https:\/\/storlann.co.uk\/mirean\/wp-json\/wp\/v2\/media?parent=69"}],"curies":[{"name":"wp","href":"https:\/\/api.w.org\/{rel}","templated":true}]}}