{"id":602,"date":"2010-11-09T17:46:16","date_gmt":"2010-11-09T15:46:16","guid":{"rendered":"https:\/\/storlann.co.uk\/mirean\/?page_id=602"},"modified":"2018-01-10T09:35:38","modified_gmt":"2018-01-10T09:35:38","slug":"obair-ire-2","status":"publish","type":"page","link":"https:\/\/storlann.co.uk\/mirean\/clar-amais\/ag-innse-mu-rud-a-bhith-air-a-dheanamh-air-rud-no-neach\/rugadh-e-ann-an-new-york\/obair-ire-2\/","title":{"rendered":"Obair \u00ecre 2"},"content":{"rendered":"<div class=\"obair-ire-2-wrapper\">\n<p class=\"obair-ire2\">Rugadh e ann an New York. Cha togar an sgoil \u00f9r airson c\u00f2ig bliadhna eile. Chaidh na h-uinneagan a bhristeadh. Chaidh mo chumail air ais.<\/p>\n<h3>Cothroman ann an c\u00e0nan a&#8217; chlas airson eisimpleirean a thoirt don chloinn air structaran<\/h3>\n<p>A&#8217; buidhinn air na thachair aig an deireadh-seachdain no air saor-l\u00e0ithean a ch\u00f2rd riutha.<\/p>\n<p>A&#8217; bruidhinn air na thachair anns an raon-cluiche. &#8220;Chaidh mo bhreabadh&#8221; &#8220;Chaidh mo le\u00f2n&#8221;.<\/p>\n<p>&nbsp;<\/p>\n<hr \/>\n<p>&nbsp;<\/p>\n<h3>Gn\u00ecomhan<\/h3>\n<p>DTT2 \u2013 Duilleagan Obrach<\/p>\n<p>Cuir gach toiseach<br \/>\n D\u00e8 thachair?<br \/>\n Chaidh mo le\u00f2n 1<br \/>\n Chaidh mo le\u00f2n 2<\/p>\n<p>T\u00f2iseachan \u2013 Na tri\u00f9ir bhr\u00e0ithrean<\/p>\n<p>&nbsp;<\/p>\n<hr \/>\n<h3>Cothroman tar-curraicealam<\/h3>\n<p>C\u00e0it an deach do thogail?<\/p>\n<p>D\u00e8an rannsachadh air daoine ainmeil a tha co-cheangailte ris a&#8217; chuspair air a bheil sibh ag obair, airson faighinn a-mach c\u00e0ite an do rugadh agus an do thogadh iad. L\u00econ na builgeanan cainnt, a&#8217; cleachdadh p\u00e0tran na seachdain<br \/>\n &#8220;<em>Chaidh mo bhreith ann an _______________ agus chaidh mo thogail ann an ________<\/em>&#8220;<\/p>\n<p>no<\/p>\n<p>&#8220;<em>Rugadh mi ann an _________________ agus thogadh mi ann an __________<\/em>&#8220;<\/p>\n<p>&nbsp;<\/p>\n<p style=\"text-align: center;\"><img loading=\"lazy\" decoding=\"async\" class=\"aligncenter size-full wp-image-2172\" title=\"11A\" src=\"https:\/\/storlann.co.uk\/mirean\/wp-content\/uploads\/2010\/11\/11A.jpg\" alt=\"Images: Gandi and Mother Theresa\" width=\"658\" height=\"275\" srcset=\"https:\/\/storlann.co.uk\/mirean\/wp-content\/uploads\/2010\/11\/11A.jpg 658w, https:\/\/storlann.co.uk\/mirean\/wp-content\/uploads\/2010\/11\/11A-300x125.jpg 300w\" sizes=\"auto, (max-width: 658px) 100vw, 658px\" \/><\/p>\n<p>&nbsp;<\/p>\n<p><strong>Leudachadh (ealain)<\/strong><\/p>\n<p>Faodaidh iad dealbh a dh\u00e8anamh de chuideigin ainmeil le builgean cainnt.<\/p>\n<p>&nbsp;<\/p>\n<hr \/>\n<h3>\u00a0<\/h3>\n<h3>Orain agus rannan<\/h3>\n<p>&#8216;S ann an \u00ccle (rugadh, thogadh)<br \/>\n Rugadh mi teis meadhan na mara (Julie Fowlis \u2013 Uam)<\/p>\n<p>&nbsp;<\/p>\n<h3>\u00a0<\/h3>\n<\/div>\n","protected":false},"excerpt":{"rendered":"<p>Rugadh e ann an New York. Cha togar an sgoil \u00f9r airson c\u00f2ig bliadhna eile. Chaidh na h-uinneagan a bhristeadh. Chaidh mo chumail air ais. Cothroman ann an c\u00e0nan a&#8217; chlas airson eisimpleirean a thoirt don chloinn air structaran A&#8217; buidhinn air na thachair aig an deireadh-seachdain no air saor-l\u00e0ithean a ch\u00f2rd riutha. A&#8217; bruidhinn [&hellip;]<\/p>\n","protected":false},"author":1,"featured_media":0,"parent":399,"menu_order":0,"comment_status":"closed","ping_status":"closed","template":"","meta":{"inline_featured_image":false,"footnotes":""},"class_list":["post-602","page","type-page","status-publish","hentry","has-post-title","has-post-date","has-post-category","has-post-tag","has-post-comment","has-post-author",""],"builder_content":"","_links":{"self":[{"href":"https:\/\/storlann.co.uk\/mirean\/wp-json\/wp\/v2\/pages\/602","targetHints":{"allow":["GET"]}}],"collection":[{"href":"https:\/\/storlann.co.uk\/mirean\/wp-json\/wp\/v2\/pages"}],"about":[{"href":"https:\/\/storlann.co.uk\/mirean\/wp-json\/wp\/v2\/types\/page"}],"author":[{"embeddable":true,"href":"https:\/\/storlann.co.uk\/mirean\/wp-json\/wp\/v2\/users\/1"}],"replies":[{"embeddable":true,"href":"https:\/\/storlann.co.uk\/mirean\/wp-json\/wp\/v2\/comments?post=602"}],"version-history":[{"count":0,"href":"https:\/\/storlann.co.uk\/mirean\/wp-json\/wp\/v2\/pages\/602\/revisions"}],"up":[{"embeddable":true,"href":"https:\/\/storlann.co.uk\/mirean\/wp-json\/wp\/v2\/pages\/399"}],"wp:attachment":[{"href":"https:\/\/storlann.co.uk\/mirean\/wp-json\/wp\/v2\/media?parent=602"}],"curies":[{"name":"wp","href":"https:\/\/api.w.org\/{rel}","templated":true}]}}