{"id":597,"date":"2010-11-09T17:44:50","date_gmt":"2010-11-09T15:44:50","guid":{"rendered":"https:\/\/storlann.co.uk\/mirean\/?page_id=597"},"modified":"2018-01-10T09:34:04","modified_gmt":"2018-01-10T09:34:04","slug":"eisimpleir","status":"publish","type":"page","link":"https:\/\/storlann.co.uk\/mirean\/clar-amais\/ag-innse-mu-chuisean-a-tha-aon-cheum-a-mach\/gheibh-thu-an-leabhar-ma-tha-thu-ga-iarraidh\/eisimpleir\/","title":{"rendered":"Eisimpleirean"},"content":{"rendered":"<table class=\"eisimpleirean-t\" title=\"This table contains useage examples\" border=\"1\" width=\"100%\" cellspacing=\"0\" cellpadding=\"0\">\n<tbody>\n<tr class=\"eisimpleirean-t-h\">\n<td width=\"108\">\n<p align=\"center\">ma, nam\/nan<\/p>\n<\/td>\n<td width=\"222\">\n<p align=\"center\">Facal gn\u00ecomh 1<\/p>\n<\/td>\n<td width=\"277\">\n<p align=\"center\">Facal gn\u00ecomh 2<\/p>\n<\/td>\n<\/tr>\n<tr>\n<td rowspan=\"3\" width=\"108\">\n<p align=\"center\">Ma<\/p>\n<\/td>\n<td width=\"222\">tha thu deiseil,<\/td>\n<td width=\"277\">falbhaidh sinn.<\/td>\n<\/tr>\n<tr>\n<td width=\"222\">chuir thu s\u00ecos an sin e,<\/td>\n<td width=\"277\">bidh e ann fhathast.<\/td>\n<\/tr>\n<tr>\n<td width=\"222\">bhios tu aig a&#8217; chonsairt a-nochd,<br \/>\n dh&#8217;fh\u00e0gas tu an sin e,<\/td>\n<td width=\"277\">ch\u00ec mi thu.<br \/>\n gheibh mi e.<\/td>\n<\/tr>\n<tr>\n<td colspan=\"3\" width=\"606\">\u00a0<\/td>\n<\/tr>\n<tr>\n<td width=\"108\">\n<p align=\"center\">Nam<\/p>\n<\/td>\n<td width=\"222\">biodh tu deiseil,<br \/>\n bithinn air t\u00f2iseachadh tr\u00e0th,<br \/>\n biomaid a&#8217; dol ann tric,<br \/>\n faighinn t\u00f2rr airgid,<\/td>\n<td width=\"277\">dh&#8217;fhalbhamaid.<br \/>\n bhithinn deiseil a-nise.<br \/>\n gheibheamaid tiogaid shaor.<br \/>\n chan eil fhios agam d\u00e8 dh\u00e8anainn.<\/td>\n<\/tr>\n<tr>\n<td rowspan=\"2\" width=\"108\">\n<p align=\"center\">Nan<\/p>\n<\/td>\n<td width=\"222\">gabhainn barrachd t\u00ecde ris,<br \/>\n cuireadh tu air an solas,<\/td>\n<td width=\"277\">bhiodh mo sgr\u00ecobhadh nas fhe\u00e0rr.<br \/>\n chitheadh tu d\u00e8 tha thu a&#8217; d\u00e8anamh.<\/td>\n<\/tr>\n<tr>\n<td width=\"222\">deigheadh tu dhan bh\u00f9th dhomh,<\/td>\n<td width=\"277\">bhithinn gl\u00e8 thoilichte.<\/td>\n<\/tr>\n<tr>\n<td colspan=\"3\" width=\"606\">\u00a0<\/td>\n<\/tr>\n<tr>\n<td width=\"108\">\n<p align=\"center\">Nan<\/p>\n<\/td>\n<td width=\"222\">robh thu air tighinn an-raoir,<br \/>\n robh gu le\u00f2r airgid agam,<\/td>\n<td width=\"277\">bhiodh an consairt air c\u00f2rdadh riut.<br \/>\n cheannaichinn c\u00e0r. \u00f2rdadh \u00f2rdadh riut<\/td>\n<\/tr>\n<\/tbody>\n<\/table>\n<table class=\"eisimpleirean-t\" title=\"This table contains useage examples\" border=\"1\" width=\"100%\" cellspacing=\"0\" cellpadding=\"0\">\n<tbody>\n<tr class=\"eisimpleirean-t-h\">\n<td width=\"472\">\n<p align=\"center\">bhithinn \u2026<\/p>\n<\/td>\n<td width=\"588\">\n<p align=\"center\">nan\/nam<\/p>\n<\/td>\n<\/tr>\n<tr>\n<td width=\"472\">bhithinn (mi)<\/td>\n<td width=\"588\">nam bithinn<\/td>\n<\/tr>\n<tr>\n<td width=\"472\">chuirinn (mi)<\/td>\n<td width=\"588\">nan cuirinn<\/td>\n<\/tr>\n<tr>\n<td width=\"472\">bhiomaid (sinn)<\/td>\n<td width=\"588\">nam biomaid<\/td>\n<\/tr>\n<tr>\n<td width=\"472\">chuireamaid (sinn)<\/td>\n<td width=\"588\">nan cuireamaid<\/td>\n<\/tr>\n<tr>\n<td width=\"472\">bhiodh<\/td>\n<td width=\"588\">nam biodh<\/td>\n<\/tr>\n<tr>\n<td width=\"472\">bhitheadh<\/td>\n<td width=\"588\">nam bitheadh<\/td>\n<\/tr>\n<tr>\n<td width=\"472\">chuireadh<\/td>\n<td width=\"588\">nan cuireadh<\/td>\n<\/tr>\n<tr>\n<td width=\"472\">dh&#8217;itheadh<\/td>\n<td width=\"588\">nan itheadh<\/td>\n<\/tr>\n<tr>\n<td width=\"472\">dh&#8217;fhuiricheadh<\/td>\n<td width=\"588\">nam fuiricheadh<\/td>\n<\/tr>\n<tr>\n<td width=\"472\">sguireadh<\/td>\n<td width=\"588\">nan sguireadh<\/td>\n<\/tr>\n<tr>\n<td width=\"472\">dheigheadh<\/td>\n<td width=\"588\">nan deigheadh<\/td>\n<\/tr>\n<tr>\n<td width=\"472\">dh\u00e8anadh<\/td>\n<td width=\"588\">nan d\u00e8anadh<\/td>\n<\/tr>\n<\/tbody>\n<\/table>\n","protected":false},"excerpt":{"rendered":"<p>ma, nam\/nan Facal gn\u00ecomh 1 Facal gn\u00ecomh 2 Ma tha thu deiseil, falbhaidh sinn. chuir thu s\u00ecos an sin e, bidh e ann fhathast. bhios tu aig a&#8217; chonsairt a-nochd, dh&#8217;fh\u00e0gas tu an sin e, ch\u00ec mi thu. gheibh mi e. \u00a0 Nam biodh tu deiseil, bithinn air t\u00f2iseachadh tr\u00e0th, biomaid a&#8217; dol ann tric, [&hellip;]<\/p>\n","protected":false},"author":1,"featured_media":0,"parent":387,"menu_order":0,"comment_status":"closed","ping_status":"closed","template":"","meta":{"inline_featured_image":false,"footnotes":""},"class_list":["post-597","page","type-page","status-publish","hentry","has-post-title","has-post-date","has-post-category","has-post-tag","has-post-comment","has-post-author",""],"builder_content":"","_links":{"self":[{"href":"https:\/\/storlann.co.uk\/mirean\/wp-json\/wp\/v2\/pages\/597","targetHints":{"allow":["GET"]}}],"collection":[{"href":"https:\/\/storlann.co.uk\/mirean\/wp-json\/wp\/v2\/pages"}],"about":[{"href":"https:\/\/storlann.co.uk\/mirean\/wp-json\/wp\/v2\/types\/page"}],"author":[{"embeddable":true,"href":"https:\/\/storlann.co.uk\/mirean\/wp-json\/wp\/v2\/users\/1"}],"replies":[{"embeddable":true,"href":"https:\/\/storlann.co.uk\/mirean\/wp-json\/wp\/v2\/comments?post=597"}],"version-history":[{"count":0,"href":"https:\/\/storlann.co.uk\/mirean\/wp-json\/wp\/v2\/pages\/597\/revisions"}],"up":[{"embeddable":true,"href":"https:\/\/storlann.co.uk\/mirean\/wp-json\/wp\/v2\/pages\/387"}],"wp:attachment":[{"href":"https:\/\/storlann.co.uk\/mirean\/wp-json\/wp\/v2\/media?parent=597"}],"curies":[{"name":"wp","href":"https:\/\/api.w.org\/{rel}","templated":true}]}}