{"id":554,"date":"2010-11-09T17:29:59","date_gmt":"2010-11-09T15:29:59","guid":{"rendered":"https:\/\/storlann.co.uk\/mirean\/?page_id=554"},"modified":"2018-01-10T09:24:43","modified_gmt":"2018-01-10T09:24:43","slug":"obair-ire-1","status":"publish","type":"page","link":"https:\/\/storlann.co.uk\/mirean\/clar-amais\/a-bruidhinn-gu-pearsanta\/mi-thutu-e-i-sinn-sibh-iad\/obair-ire-1\/","title":{"rendered":"Obair \u00ecre 1"},"content":{"rendered":"<div class=\"obair-ire-1-wrapper\">\n<p class=\"obair-ire1\"><em>Mi, thu\/tu, e, i, sinn, sibh, iad; mise, thusa\/tusa, esan, ise; sinne, sibhse, iadsan; Mi fh\u00e8in\/fh\u00ecn, thu fh\u00e8in; e\/i fh\u00e8in, sinn fh\u00e8in\/fh\u00ecn; sibh fh\u00e8in, iad fh\u00e8in<\/em><\/p>\n<h3>Gn\u00ecomhan<\/h3>\n<p><strong>C\u00f2 tha ann?<\/strong><br \/>\n Aig \u00e0m cearcaill, feumaidh aon sgoilear dealbh a thoirt seachad air cuideigin eile sa chlas, a\u2019 cleachdadh p\u00e0tran na seachdain.<br \/>\n me<\/p>\n<p>\u201cTha d\u00e0 phiuthar aice\/aige.\u201d<br \/>\n \u201cTha piseag gheal aice.\u201d<\/p>\n<p>Feumaidh a h-uile duine eile tomhas c\u00f2 tha ann.<\/p>\n<p><strong>20 diog<\/strong><br \/>\n Feumaidh na sgoilearan nas urrainn dhaibh ainmeachadh air cuspair s\u00f2nraichte ann am 20 diog.<\/p>\n<p>Thoir dhaibh dealbhan le daoine\/caractaran ainmeil orra agus gn\u00ecomh a tha aca ri dh\u00e8anamh.<\/p>\n<p>me<\/p>\n<h3>\u00a0<\/h3>\n<p><strong>A bheil c\u00e0r agad?<\/strong><br \/>\n Cuir an clas ann am buidhnean. Gluais timcheall a\u2019 chlas a\u2019 toirt a-mach diofar rudan fhad \u2019s a tha thu a\u2019 dol mun cuairt.<\/p>\n<p>me<br \/>\n A\u2019 toirt peansail do nighean. \u201cA bheil peasail aice?\u201d \u201cTha peansail aice.\u201d<br \/>\n A\u2019 toirt d\u00e0 leabhar do bhuidheann. \u201cA bheil tr\u00ec leabhraichean aca?\u201d \u201cChan eil, tha d\u00e0 leabhar aca.\u201d<br \/>\n A\u2019 toirt c\u00e0r do bhalach. \u201cA bheil l\u00e0raidh aige?\u201d \u201cChan eil, tha c\u00e0r aige.\u201d<\/p>\n<p><strong>L\u00econ na be\u00e0rnan<\/strong><br \/>\n Cuir ri ch\u00e8ile seantansan s\u00ecmplidh. Bhiodh seo math air a\u2019 bh\u00f2rd gheal, me:<\/p>\n<table border=\"1\" cellspacing=\"0\" cellpadding=\"0\">\n<tbody>\n<tr class=\"obair-ire1-table-bg\">\n<td valign=\"top\" width=\"83\"><strong>agam<\/strong><\/td>\n<td valign=\"top\" width=\"83\"><strong>agad<\/strong><\/td>\n<td valign=\"top\" width=\"83\"><strong>aige<\/strong><\/td>\n<td valign=\"top\" width=\"83\"><strong>aice<\/strong><\/td>\n<td valign=\"top\" width=\"83\"><strong>againn<\/strong><\/td>\n<td valign=\"top\" width=\"83\"><strong>agaibh<\/strong><\/td>\n<td valign=\"top\" width=\"83\"><strong>aca<\/strong><\/td>\n<\/tr>\n<\/tbody>\n<\/table>\n<p><strong>\u00a0<\/strong><\/p>\n<table border=\"0\" cellspacing=\"0\" cellpadding=\"0\">\n<tbody>\n<tr>\n<td valign=\"top\" width=\"415\">1. Fhuair mi baga \u00f9r.<\/td>\n<td valign=\"top\" width=\"228\"><strong>Tha baga \u00f9r \u2026\u2026\u2026\u2026..<\/strong><\/td>\n<\/tr>\n<tr>\n<td valign=\"top\" width=\"415\">2. Cheannaich mise agus mo bhr\u00e0thair ceapairean.<\/td>\n<td valign=\"top\" width=\"228\"><strong>Tha ceapairean \u2026\u2026\u2026\u2026\u2026\u2026.<\/strong><\/td>\n<\/tr>\n<tr>\n<td valign=\"top\" width=\"415\">3. Fhuair M\u00e0iri br\u00f2gan \u00f9ra.<\/td>\n<td valign=\"top\" width=\"228\"><strong>Tha br\u00f2gan \u00f9ra \u2026\u2026\u2026\u2026\u2026\u2026..<\/strong><\/td>\n<\/tr>\n<tr>\n<td valign=\"top\" width=\"415\">4. Cheannaich Calum agus Eilidh suiteas.<\/td>\n<td valign=\"top\" width=\"228\"><strong>Tha suiteas \u2026\u2026\u2026\u2026\u2026\u2026\u2026.<\/strong><\/td>\n<\/tr>\n<\/tbody>\n<\/table>\n<p>msaa<\/p>\n<p><strong>Geamaichean<\/strong><\/p>\n<p>Bingo (Geama 13, DTT1)<br \/>\n C\u00f2 aig a bheil (Geama 22, DTT1)<br \/>\n Cuir ort do ch\u00f2ta (Geama 33, DTT1)<\/p>\n<\/div>\n","protected":false},"excerpt":{"rendered":"<p>Mi, thu\/tu, e, i, sinn, sibh, iad; mise, thusa\/tusa, esan, ise; sinne, sibhse, iadsan; Mi fh\u00e8in\/fh\u00ecn, thu fh\u00e8in; e\/i fh\u00e8in, sinn fh\u00e8in\/fh\u00ecn; sibh fh\u00e8in, iad fh\u00e8in Gn\u00ecomhan C\u00f2 tha ann? Aig \u00e0m cearcaill, feumaidh aon sgoilear dealbh a thoirt seachad air cuideigin eile sa chlas, a\u2019 cleachdadh p\u00e0tran na seachdain. me \u201cTha d\u00e0 phiuthar aice\/aige.\u201d [&hellip;]<\/p>\n","protected":false},"author":1,"featured_media":0,"parent":358,"menu_order":26,"comment_status":"closed","ping_status":"closed","template":"","meta":{"inline_featured_image":false,"footnotes":""},"class_list":["post-554","page","type-page","status-publish","hentry","has-post-title","has-post-date","has-post-category","has-post-tag","has-post-comment","has-post-author",""],"builder_content":"","_links":{"self":[{"href":"https:\/\/storlann.co.uk\/mirean\/wp-json\/wp\/v2\/pages\/554","targetHints":{"allow":["GET"]}}],"collection":[{"href":"https:\/\/storlann.co.uk\/mirean\/wp-json\/wp\/v2\/pages"}],"about":[{"href":"https:\/\/storlann.co.uk\/mirean\/wp-json\/wp\/v2\/types\/page"}],"author":[{"embeddable":true,"href":"https:\/\/storlann.co.uk\/mirean\/wp-json\/wp\/v2\/users\/1"}],"replies":[{"embeddable":true,"href":"https:\/\/storlann.co.uk\/mirean\/wp-json\/wp\/v2\/comments?post=554"}],"version-history":[{"count":0,"href":"https:\/\/storlann.co.uk\/mirean\/wp-json\/wp\/v2\/pages\/554\/revisions"}],"up":[{"embeddable":true,"href":"https:\/\/storlann.co.uk\/mirean\/wp-json\/wp\/v2\/pages\/358"}],"wp:attachment":[{"href":"https:\/\/storlann.co.uk\/mirean\/wp-json\/wp\/v2\/media?parent=554"}],"curies":[{"name":"wp","href":"https:\/\/api.w.org\/{rel}","templated":true}]}}