{"id":541,"date":"2010-11-09T17:25:57","date_gmt":"2010-11-09T15:25:57","guid":{"rendered":"https:\/\/storlann.co.uk\/mirean\/?page_id=541"},"modified":"2011-11-03T17:43:18","modified_gmt":"2011-11-03T17:43:18","slug":"eisimpleir","status":"publish","type":"page","link":"https:\/\/storlann.co.uk\/mirean\/clar-amais\/co-ris-a-tha-rud-no-neach-coltach\/tha-criogaid-nas-fhearr-na-ball-coise\/eisimpleir\/","title":{"rendered":"Eisimpleirean"},"content":{"rendered":"<table class=\"eisimpleirean-t\" title=\"This table contains useage examples\" width=\"648\" border=\"1\" cellspacing=\"0\" cellpadding=\"0\">\n<tbody>\n<tr class=\"eisimpleirean-t-h\">\n<td width=\"191\">\n<p align=\"center\">Facal<\/p>\n<\/td>\n<td width=\"253\">\n<p align=\"center\">tha X \u2026<\/p>\n<\/td>\n<td width=\"204\">\n<p align=\"center\">\u2019s e X\u00a0 \u2026<\/p>\n<\/td>\n<\/tr>\n<tr>\n<td width=\"191\">blasta<br \/>\nbr\u00e8agha<br \/>\nbuidhe<\/td>\n<td width=\"253\">nas blasta<br \/>\nnas br\u00e8agha<br \/>\nnas buidhe<\/td>\n<td width=\"204\">as blasta<br \/>\nas br\u00e8agha<br \/>\nas buidhe<\/td>\n<\/tr>\n<tr>\n<td width=\"191\">m\u00ecn<br \/>\nsg\u00ecth<br \/>\ntric<\/td>\n<td width=\"253\">nas m\u00ecne<br \/>\nnas sg\u00ecthe<br \/>\nnas trice<\/td>\n<td width=\"204\">as m\u00ecne<br \/>\nas sg\u00ecthe<br \/>\nas trice<\/td>\n<\/tr>\n<tr>\n<td width=\"191\">\u00e0rd<br \/>\nluath<br \/>\n\u00f2g<\/td>\n<td width=\"253\">nas \u00e0irde<br \/>\nnas luaithe<br \/>\nnas \u00f2ige<\/td>\n<td width=\"204\">as \u00e0irde<br \/>\nas luaithe<br \/>\nas \u00f2ige<\/td>\n<\/tr>\n<tr>\n<td width=\"191\">geal<br \/>\ndorcha<br \/>\ntrom<\/td>\n<td width=\"253\">nas gile<br \/>\nnas duirche<br \/>\nnas truime<\/td>\n<td width=\"204\">as gile<br \/>\nas duirche<br \/>\nas truime<\/td>\n<\/tr>\n<tr>\n<td width=\"191\">beartach<br \/>\nb\u00f2idheach<br \/>\nlaghach<\/td>\n<td width=\"253\">nas beartaiche<br \/>\nnas b\u00f2idhche<br \/>\nnas laghaiche<\/td>\n<td width=\"204\">as beartaiche<br \/>\nas b\u00f2idhche<br \/>\nas laghaiche<\/td>\n<\/tr>\n<tr>\n<td width=\"191\">aosta<br \/>\nbeag<br \/>\ndona<br \/>\nduilich<br \/>\nfurasta<br \/>\ngoirid<br \/>\nl\u00e0idir<br \/>\nleathann<br \/>\nmath<br \/>\nm\u00f2r<br \/>\nteth<\/td>\n<td width=\"253\">nas aosta, nas sine<br \/>\nnas lugha<br \/>\nnas miosa<br \/>\nnas duilghe, nas dorra<br \/>\nnas fhasa<br \/>\nnas giorra<br \/>\nnas treasa, nas l\u00e0idire<br \/>\nnas leatha<br \/>\nnas fhe\u00e0rr<br \/>\nnas motha<br \/>\nnas teotha<\/td>\n<td width=\"204\">as aosta, as sine<br \/>\nas lugha<br \/>\nas miosa<br \/>\nas duilghe, as dorra<br \/>\nas fhasa<br \/>\nas giorra<br \/>\nas treasa, as l\u00e0idire<br \/>\nas leatha<br \/>\nas fhe\u00e0rr<br \/>\nas motha<br \/>\nas teotha<\/td>\n<\/tr>\n<\/tbody>\n<\/table>\n","protected":false},"excerpt":{"rendered":"<p>Facal tha X \u2026 \u2019s e X\u00a0 \u2026 blasta br\u00e8agha buidhe nas blasta nas br\u00e8agha nas buidhe as blasta as br\u00e8agha as buidhe m\u00ecn sg\u00ecth tric nas m\u00ecne nas sg\u00ecthe nas trice as m\u00ecne as sg\u00ecthe as trice \u00e0rd luath \u00f2g nas \u00e0irde nas luaithe nas \u00f2ige as \u00e0irde as luaithe as \u00f2ige geal dorcha [&hellip;]<\/p>\n","protected":false},"author":1,"featured_media":0,"parent":344,"menu_order":0,"comment_status":"open","ping_status":"open","template":"page-eisimpleirean.php","meta":{"inline_featured_image":false,"footnotes":""},"class_list":["post-541","page","type-page","status-publish","hentry","has-post-title","has-post-date","has-post-category","has-post-tag","has-post-comment","has-post-author",""],"builder_content":"","_links":{"self":[{"href":"https:\/\/storlann.co.uk\/mirean\/wp-json\/wp\/v2\/pages\/541","targetHints":{"allow":["GET"]}}],"collection":[{"href":"https:\/\/storlann.co.uk\/mirean\/wp-json\/wp\/v2\/pages"}],"about":[{"href":"https:\/\/storlann.co.uk\/mirean\/wp-json\/wp\/v2\/types\/page"}],"author":[{"embeddable":true,"href":"https:\/\/storlann.co.uk\/mirean\/wp-json\/wp\/v2\/users\/1"}],"replies":[{"embeddable":true,"href":"https:\/\/storlann.co.uk\/mirean\/wp-json\/wp\/v2\/comments?post=541"}],"version-history":[{"count":0,"href":"https:\/\/storlann.co.uk\/mirean\/wp-json\/wp\/v2\/pages\/541\/revisions"}],"up":[{"embeddable":true,"href":"https:\/\/storlann.co.uk\/mirean\/wp-json\/wp\/v2\/pages\/344"}],"wp:attachment":[{"href":"https:\/\/storlann.co.uk\/mirean\/wp-json\/wp\/v2\/media?parent=541"}],"curies":[{"name":"wp","href":"https:\/\/api.w.org\/{rel}","templated":true}]}}