{"id":475,"date":"2010-11-09T14:10:40","date_gmt":"2010-11-09T12:10:40","guid":{"rendered":"https:\/\/storlann.co.uk\/mirean\/?page_id=475"},"modified":"2018-01-09T17:02:33","modified_gmt":"2018-01-09T17:02:33","slug":"obair-ire-1","status":"publish","type":"page","link":"https:\/\/storlann.co.uk\/mirean\/clar-amais\/far-a-bheil-rudan-agus-a-leithid-sin\/comhla-ri-faisg-air\/obair-ire-1\/","title":{"rendered":"Obair \u00ecre 1"},"content":{"rendered":"<div class=\"obair-ire-1-wrapper\">\n<p class=\"obair-ire1\"><em>C\u00f2mhla ri, coltach ri; faisg air, seachad air; tarsainn air, a bharrachd air; mun cuairt air<\/em><\/p>\n<h3>Gn\u00ecomh<\/h3>\n<p><strong>Geama <\/strong><br \/>\n \u2018C\u00f2 tha coltach riumsa?\u2019 (DTT1)<\/p>\n<p>&nbsp;<\/p>\n<hr \/>\n<h3>Cothroman tar-churraicealaim<\/h3>\n<p><strong>Sgr\u00ecobhadh\/Ealain<\/strong><br \/>\n Feumaidh na sgoilearan caractar a chruthachadh &#8211; coigreach a th\u00e0inig a-nuas ann an soitheach-f\u00e0nais. Faodaidh iad cr\u00e8adh, cl\u00f2imh no stuthan ealain sam bith eile a chleachdadh.<\/p>\n<p>Feumaidh iad an uair sin paragraf a sgr\u00ecobhadh, a\u2019 m\u00ecneachadh c\u00f2 ris a tha an caractar coltach, a\u2019 cleachdadh p\u00e0tran na seachdain.<\/p>\n<p>me<br \/>\n Tha na cluasan aige coltach ri baili\u00f9naichean.<\/p>\n<p>&nbsp;<\/p>\n<h3>\u00a0<\/h3>\n<\/div>\n","protected":false},"excerpt":{"rendered":"<p>C\u00f2mhla ri, coltach ri; faisg air, seachad air; tarsainn air, a bharrachd air; mun cuairt air Gn\u00ecomh Geama \u2018C\u00f2 tha coltach riumsa?\u2019 (DTT1) &nbsp; Cothroman tar-churraicealaim Sgr\u00ecobhadh\/Ealain Feumaidh na sgoilearan caractar a chruthachadh &#8211; coigreach a th\u00e0inig a-nuas ann an soitheach-f\u00e0nais. Faodaidh iad cr\u00e8adh, cl\u00f2imh no stuthan ealain sam bith eile a chleachdadh. Feumaidh iad [&hellip;]<\/p>\n","protected":false},"author":1,"featured_media":0,"parent":326,"menu_order":33,"comment_status":"closed","ping_status":"closed","template":"","meta":{"inline_featured_image":false,"footnotes":""},"class_list":["post-475","page","type-page","status-publish","hentry","has-post-title","has-post-date","has-post-category","has-post-tag","has-post-comment","has-post-author",""],"builder_content":"","_links":{"self":[{"href":"https:\/\/storlann.co.uk\/mirean\/wp-json\/wp\/v2\/pages\/475","targetHints":{"allow":["GET"]}}],"collection":[{"href":"https:\/\/storlann.co.uk\/mirean\/wp-json\/wp\/v2\/pages"}],"about":[{"href":"https:\/\/storlann.co.uk\/mirean\/wp-json\/wp\/v2\/types\/page"}],"author":[{"embeddable":true,"href":"https:\/\/storlann.co.uk\/mirean\/wp-json\/wp\/v2\/users\/1"}],"replies":[{"embeddable":true,"href":"https:\/\/storlann.co.uk\/mirean\/wp-json\/wp\/v2\/comments?post=475"}],"version-history":[{"count":0,"href":"https:\/\/storlann.co.uk\/mirean\/wp-json\/wp\/v2\/pages\/475\/revisions"}],"up":[{"embeddable":true,"href":"https:\/\/storlann.co.uk\/mirean\/wp-json\/wp\/v2\/pages\/326"}],"wp:attachment":[{"href":"https:\/\/storlann.co.uk\/mirean\/wp-json\/wp\/v2\/media?parent=475"}],"curies":[{"name":"wp","href":"https:\/\/api.w.org\/{rel}","templated":true}]}}