{"id":464,"date":"2010-11-09T14:07:42","date_gmt":"2010-11-09T12:07:42","guid":{"rendered":"https:\/\/storlann.co.uk\/mirean\/?page_id=464"},"modified":"2018-01-09T17:00:44","modified_gmt":"2018-01-09T17:00:44","slug":"obair-ire-1","status":"publish","type":"page","link":"https:\/\/storlann.co.uk\/mirean\/clar-amais\/far-a-bheil-rudan-agus-a-leithid-sin\/agam-annam-asam-bhuam\/obair-ire-1\/","title":{"rendered":"Obair \u00ecre 1"},"content":{"rendered":"<div class=\"obair-ire-1-wrapper\">\n<p class=\"obair-ire1\"><em>Agam\/agad\/aige\/aice\/againn\/agaibh\/aca; annam\/annad\/ann\/innte\/ annaibh\/annaibh\/annta; asam\/asad\/as\/aiste\/asainn\/asaibh\/asta; bhuam\/uam\/bhuat\/bhuaithe\/bhuaipe\/bhuainn\/bhuaibh\/bhuapa; dh\u00ecom\/dh\u00ecot\/dheth\/dhith\/dhinn\/dhibh\/dhiubh; <\/em><\/p>\n<h3>Cothroman ann an c\u00e0nan a\u2019 chlas airson eisimpleirean a thoirt don chloinn air structaran<\/h3>\n<p><strong>Anns a\u2019 mhadainn<\/strong><br \/>\n \u201cAn tug thu dhomh an litir?\u201d\u00a0 \u201cThug mi dhut an litir.\u201d<\/p>\n<p>&nbsp;<\/p>\n<p><strong>Aig \u00e0m d\u00ecnneir<\/strong><br \/>\n \u201cA bheil bogsa-b\u00ecdh agad an-diugh?\u201d<br \/>\n \u201cAn tug thu leat deoch?\u201d\u00a0\u00a0\u00a0\u00a0\u00a0 \u201cThug mi leam deoch.\u201d<\/p>\n<p>&nbsp;<\/p>\n<p><strong>An d\u00e8idh \u00e0m cluiche<\/strong><br \/>\n \u201cTha do bhr\u00f2gan fliuch. Cuir dh\u00ecot do bhr\u00f2gan.\u201d \u201cChuir mi dh\u00ecom mo ch\u00f2ta.\u201d<\/p>\n<p>&nbsp;<\/p>\n<p><strong>Aig \u00e0m dol dhachaigh<\/strong><br \/>\n \u201cCuir ort do ch\u00f2ta.\u201d \u201cChuir mi orm mo bh\u00f2tannan.\u201d<\/p>\n<p>&nbsp;<\/p>\n<hr \/>\n<h3>Gn\u00ecomh<\/h3>\n<p><strong>Leam\/leat\/leis\/leatha<\/strong><br \/>\n A h-uile duine ann an cearcall agus aon duine a\u2019 t\u00f2iseachadh le bhith ag r\u00e0dh,<\/p>\n<p>\u201cIs mise Catriona agus \u2019s toigh leam seinn.\u201d<\/p>\n<p>Tha an ath dhuine ag r\u00e0dh,<\/p>\n<p>\u201cIs tusa Catriona agus is toigh leat seinn. Is mise Murchadh agus is toigh leam isbeanan.\u201d<\/p>\n<p>Tha an ath dhuine ag r\u00e0dh,<\/p>\n<p>\u201cIs mise Catriona agus is toigh leatha seinn. Is esan Murchadh agus is toigh leis isbeannan. Is mise M\u00e0iri agus is toigh leam an samhradh.\u201d<\/p>\n<p>C\u00f9m a\u2019 dol timcheall a\u2019 chearcaill mar seo.<\/p>\n<p>&nbsp;<\/p>\n<p><strong>A bheil c\u00e0r agad?<\/strong><br \/>\n Cuir an clas ann am buidhnean. Gluais timcheall a\u2019 chlas a\u2019 toirt a-mach diofar rudan fhad \u2019s a tha thu a\u2019 dol mun cuairt.<\/p>\n<p>me<br \/>\n A\u2019 toirt peansail do nighean. \u201cA bheil peansail aice?\u201d \u201cTha peansail aice.\u201d<br \/>\n A\u2019 toirt d\u00e0 leabhar do bhuidheann. \u00a0\u201cA bheil tr\u00ec leabhraichean aca?\u201d \u201cChan eil, tha d\u00e0 leabhar aca.\u201d<br \/>\n A\u2019 toirt c\u00e0r do bhalach. \u201cA bheil l\u00e0raidh aige?\u201d \u201cChan eil, tha c\u00e0r aige.\u201d<\/p>\n<p>&nbsp;<\/p>\n<p><strong>D\u00e8 am beathach a th\u2019 annam?<\/strong><br \/>\n Bidh aon sgoilear a\u2019 f\u00e0gail an t-se\u00f2mair agus feumaidh c\u00e0ch smaoineachadh air beathach air a shon. Nuair a thilleas e, feumaidh e tomhais d\u00e8 am beathach a tha ann. Bidh e a\u2019 faighneachd cheistean mar:<\/p>\n<p>\u201cA bheil gob orm?\u201d<br \/>\n \u201cA bheil cluasan m\u00f2ra orm?\u201d<br \/>\n \u201cA bheil nead agam?\u201d<\/p>\n<p><strong>\u00a0<\/strong><\/p>\n<p><strong>L\u00econ na be\u00e0rnan<\/strong><br \/>\n Cuir ri ch\u00e8ile seantansan s\u00ecmplidh. Bhiodh seo math air a\u2019 bh\u00f2rd gheal, me:<\/p>\n<h3 style=\"text-align: center;\"><a href=\"https:\/\/storlann.co.uk\/mirean\/wp-content\/uploads\/2010\/11\/6B1-pic1.jpg\"><img loading=\"lazy\" decoding=\"async\" class=\"aligncenter size-full wp-image-2148\" title=\"6B1-pic1\" src=\"https:\/\/storlann.co.uk\/mirean\/wp-content\/uploads\/2010\/11\/6B1-pic1.jpg\" alt=\"Graphic: Sentences exercise\" width=\"607\" height=\"362\" srcset=\"https:\/\/storlann.co.uk\/mirean\/wp-content\/uploads\/2010\/11\/6B1-pic1.jpg 607w, https:\/\/storlann.co.uk\/mirean\/wp-content\/uploads\/2010\/11\/6B1-pic1-300x178.jpg 300w\" sizes=\"auto, (max-width: 607px) 100vw, 607px\" \/><\/a><\/h3>\n<p>msaa <strong><br clear=\"all\" \/><br \/>\n<\/strong><\/p>\n<p><strong>Geama<\/strong><br \/>\n \u2018D\u00e8 chuir mi dh\u00ecom\u2019 (DTT1)<\/p>\n<hr \/>\n<h3>Cothroman tar-churraicealaim<\/h3>\n<p><strong>Matamataig<\/strong><\/p>\n<p><span style=\"text-decoration: underline;\">Bingo<\/span><br \/>\n (Ann am buidhnean beaga)<br \/>\n Thoir cairtean le \u00e0ireamhan orra dhan chloinn. Feumaidh iad dath a chur air an \u00e0ireamh a tha an tidsear ag r\u00e0dh. Bidh an sgoilear a chuireas dath air na h-\u00e0ireamhan gu l\u00e8ir aige an toiseach a\u2019 buannachadh.<br \/>\n \u201cC\u00f2 aig a bheil 5?\u201d\u00a0 \u201cTha c\u00f2ig agamsa.\u201d<br \/>\n \u201cC\u00f2 aig a bheil am freagairt do 5&#215;8?\u201d \u201cTha e agamsa.\u201d<br \/>\n msaa<\/p>\n<p>Faodaidh tu dathan, dealbhan, daoine bho leabhraichean leughaidh a chleachdadh cuideachd.<\/p>\n<p><span style=\"text-decoration: underline;\">\u00a0<\/span><\/p>\n<p><strong>Cleasachd<\/strong><\/p>\n<p><span style=\"text-decoration: underline;\">\u00d2rduighean <\/span><br \/>\n \u201cLeum air aon chas ma tha c\u00f9 dubh agad.\u201d<br \/>\n \u201cRuith dhan oisean ma tha briogais-ghoirid gheal ort.\u201d<br \/>\n \u201cCuir do l\u00e0mhan air do ghl\u00f9inean ma tha seinn a\u2019 c\u00f2rdadh riut.\u201d<\/p>\n<p>msaa<\/p>\n<p>&nbsp;<\/p>\n<p><strong>Geama <\/strong><br \/>\n \u2018Cuir ort do ch\u00f2ta\u2019 (DTT1)<\/p>\n<p><strong>\u00a0<\/strong><\/p>\n<p><strong>\u00d2rain agus rannan (D\u00e8 thuirt thu?)<\/strong><\/p>\n<p>Is mise an coileach (riut)<br \/>\n D\u00e8 n\u00ec mi gun l\u00e8ine ghlan? (agam)<br \/>\n An sgoil (agam)<br \/>\n Bradan beag is bradan m\u00f2r (agam)<br \/>\n Chaidh sinn a bhuain na m\u00f2nach (againn)<br \/>\n Ma tha thu toilichte an-diugh (dhomh)<br \/>\n Bl\u00e0rag (dhut, dhomh)<br \/>\n D\u00e8 tha anns a\u2019 bhogsa? (dhomh)<br \/>\n Peantaidh mise dealbh dhut (dhut)<br \/>\n A chur nan gobhar \u00e0s a\u2019 chreig (leam)<br \/>\n Nuair bha mi na mo mhaighdinn (leam)<br \/>\n Is toigh leam a bhith a\u2019 peantadh (leam)<br \/>\n D\u00e8 \u2019m fear as fhe\u00e0rr leat? (leat\/dh\u00ecom)<br \/>\n Tha an t-acras orm (orm)<br \/>\n Tha bonaid orm a-nis (orm)<br \/>\n L\u00e0mhan anns a\u2019 bh\u00f9rn (ort)<br \/>\n Thoir dh\u00ecot do ch\u00f2ta (dh\u00ecot)<\/p>\n<h3>\u00a0<\/h3>\n<h3>\u00a0<\/h3>\n<\/div>\n","protected":false},"excerpt":{"rendered":"<p>Agam\/agad\/aige\/aice\/againn\/agaibh\/aca; annam\/annad\/ann\/innte\/ annaibh\/annaibh\/annta; asam\/asad\/as\/aiste\/asainn\/asaibh\/asta; bhuam\/uam\/bhuat\/bhuaithe\/bhuaipe\/bhuainn\/bhuaibh\/bhuapa; dh\u00ecom\/dh\u00ecot\/dheth\/dhith\/dhinn\/dhibh\/dhiubh; Cothroman ann an c\u00e0nan a\u2019 chlas airson eisimpleirean a thoirt don chloinn air structaran Anns a\u2019 mhadainn \u201cAn tug thu dhomh an litir?\u201d\u00a0 \u201cThug mi dhut an litir.\u201d &nbsp; Aig \u00e0m d\u00ecnneir \u201cA bheil bogsa-b\u00ecdh agad an-diugh?\u201d \u201cAn tug thu leat deoch?\u201d\u00a0\u00a0\u00a0\u00a0\u00a0 \u201cThug mi leam deoch.\u201d &nbsp; An d\u00e8idh [&hellip;]<\/p>\n","protected":false},"author":1,"featured_media":0,"parent":328,"menu_order":37,"comment_status":"closed","ping_status":"closed","template":"","meta":{"inline_featured_image":false,"footnotes":""},"class_list":["post-464","page","type-page","status-publish","hentry","has-post-title","has-post-date","has-post-category","has-post-tag","has-post-comment","has-post-author",""],"builder_content":"","_links":{"self":[{"href":"https:\/\/storlann.co.uk\/mirean\/wp-json\/wp\/v2\/pages\/464","targetHints":{"allow":["GET"]}}],"collection":[{"href":"https:\/\/storlann.co.uk\/mirean\/wp-json\/wp\/v2\/pages"}],"about":[{"href":"https:\/\/storlann.co.uk\/mirean\/wp-json\/wp\/v2\/types\/page"}],"author":[{"embeddable":true,"href":"https:\/\/storlann.co.uk\/mirean\/wp-json\/wp\/v2\/users\/1"}],"replies":[{"embeddable":true,"href":"https:\/\/storlann.co.uk\/mirean\/wp-json\/wp\/v2\/comments?post=464"}],"version-history":[{"count":0,"href":"https:\/\/storlann.co.uk\/mirean\/wp-json\/wp\/v2\/pages\/464\/revisions"}],"up":[{"embeddable":true,"href":"https:\/\/storlann.co.uk\/mirean\/wp-json\/wp\/v2\/pages\/328"}],"wp:attachment":[{"href":"https:\/\/storlann.co.uk\/mirean\/wp-json\/wp\/v2\/media?parent=464"}],"curies":[{"name":"wp","href":"https:\/\/api.w.org\/{rel}","templated":true}]}}