{"id":422,"date":"2010-11-09T13:54:06","date_gmt":"2010-11-09T11:54:06","guid":{"rendered":"https:\/\/storlann.co.uk\/mirean\/?page_id=422"},"modified":"2018-01-09T09:23:57","modified_gmt":"2018-01-09T09:23:57","slug":"a-bheil-thu-deiseil-tha-an-robh-thu-ann-cha-robh","status":"publish","type":"page","link":"https:\/\/storlann.co.uk\/mirean\/clar-amais\/measgachadh\/a-bheil-thu-deiseil-tha-an-robh-thu-ann-cha-robh\/","title":{"rendered":"A bheil thu deiseil? Tha. An robh thu ann? Cha robh"},"content":{"rendered":"<h3 class=\"page-info\">M\u00ecneachadh<\/h3>\n<p>\u2019S e a\u2019 chiad fhacal (no abairt) den fhreagairt shl\u00e0n a tha air a chleachdadh sa Gh\u00e0idhlig airson freagairt cheistean den t-se\u00f2rsa a tha air am freagairt le <strong>yes<\/strong> no <strong>no<\/strong> sa Bheurla.<\/p>\n<p>Mar eisimpleir:<\/p>\n<ul>\n<li>A bheil thu deiseil? <strong>Tha <\/strong>(mi deiseil). <strong>Chan eil <\/strong>(mi deiseil)<strong>.<\/strong><\/li>\n<li>An robh thu ann an-d\u00e8? <strong>Cha robh<\/strong>.<\/li>\n<li>Am bi thu an seo a-m\u00e0ireach? <strong>Cha bhi<\/strong>.<\/li>\n<li>An do rinn thu d\u2019 obair? <strong>Rinn<\/strong> (mi m\u2019 obair). <strong>Cha do rinn <\/strong>(mi\u00a0m&#8217; obair).<\/li>\n<li>An cuir mi dheth na solais? <strong>Cha chuir<\/strong>.<\/li>\n<li>An e Iain a thuirt sin?\u00a0 <strong>\u2019S e <\/strong>(Iain a thuirt sin). <strong>Chan e<\/strong> (Iain a thuirt sin).<\/li>\n<li>An ann air a\u2019 bhus a th\u00e0inig thu? <strong>\u2019S ann<\/strong>. <strong>Chan ann<\/strong>.<\/li>\n<li>Am b\u2019 ann riutsa a bha e a\u2019 bruidhinn? <strong>B\u2019 ann. Cha b\u2019 ann<\/strong>.<\/li>\n<li>An urrainn dhut mo chuideachadh? <strong>Chan urrainn<\/strong> (dhomh do chuideachadh).<\/li>\n<li>An urrainn dhaibh sn\u00e0mh? <strong>\u2019S urrainn<\/strong>.<\/li>\n<li>An fhe\u00e0rr leat an c\u00f2mhlan sin?<strong> \u2019S fhe\u00e0rr\/chan fhe\u00e0rr<\/strong>.<\/li>\n<\/ul>\n<p>&nbsp;<\/p>\n<hr \/>\n<div id=\"ccchildpages-1\" class=\"ccchildpages ccflex twocol ccgreen ccclearfix\"><ul class=\"ccchildpages_list ccclearfix\"><li class=\"page_item page-item-644\"><a href=\"https:\/\/storlann.co.uk\/mirean\/clar-amais\/measgachadh\/a-bheil-thu-deiseil-tha-an-robh-thu-ann-cha-robh\/obair-ire-t\/\">Obair \u00ecre T<\/a><\/li>\n<li class=\"page_item page-item-642\"><a href=\"https:\/\/storlann.co.uk\/mirean\/clar-amais\/measgachadh\/a-bheil-thu-deiseil-tha-an-robh-thu-ann-cha-robh\/obair-ire-1\/\">Obair \u00ecre 1<\/a><\/li>\n<li class=\"page_item page-item-640\"><a href=\"https:\/\/storlann.co.uk\/mirean\/clar-amais\/measgachadh\/a-bheil-thu-deiseil-tha-an-robh-thu-ann-cha-robh\/obair-ire-2\/\">Obair \u00ecre 2<\/a><\/li><\/ul><\/div>\n","protected":false},"excerpt":{"rendered":"<p>M\u00ecneachadh \u2019S e a\u2019 chiad fhacal (no abairt) den fhreagairt shl\u00e0n a tha air a chleachdadh sa Gh\u00e0idhlig airson freagairt cheistean den t-se\u00f2rsa a tha air am freagairt le yes no no sa Bheurla. Mar eisimpleir: A bheil thu deiseil? Tha (mi deiseil). Chan eil (mi deiseil). An robh thu ann an-d\u00e8? Cha robh. Am [&hellip;]<\/p>\n","protected":false},"author":1,"featured_media":0,"parent":195,"menu_order":50,"comment_status":"closed","ping_status":"closed","template":"","meta":{"inline_featured_image":false,"footnotes":""},"class_list":["post-422","page","type-page","status-publish","hentry","has-post-title","has-post-date","has-post-category","has-post-tag","has-post-comment","has-post-author",""],"builder_content":"","_links":{"self":[{"href":"https:\/\/storlann.co.uk\/mirean\/wp-json\/wp\/v2\/pages\/422","targetHints":{"allow":["GET"]}}],"collection":[{"href":"https:\/\/storlann.co.uk\/mirean\/wp-json\/wp\/v2\/pages"}],"about":[{"href":"https:\/\/storlann.co.uk\/mirean\/wp-json\/wp\/v2\/types\/page"}],"author":[{"embeddable":true,"href":"https:\/\/storlann.co.uk\/mirean\/wp-json\/wp\/v2\/users\/1"}],"replies":[{"embeddable":true,"href":"https:\/\/storlann.co.uk\/mirean\/wp-json\/wp\/v2\/comments?post=422"}],"version-history":[{"count":0,"href":"https:\/\/storlann.co.uk\/mirean\/wp-json\/wp\/v2\/pages\/422\/revisions"}],"up":[{"embeddable":true,"href":"https:\/\/storlann.co.uk\/mirean\/wp-json\/wp\/v2\/pages\/195"}],"wp:attachment":[{"href":"https:\/\/storlann.co.uk\/mirean\/wp-json\/wp\/v2\/media?parent=422"}],"curies":[{"name":"wp","href":"https:\/\/api.w.org\/{rel}","templated":true}]}}