{"id":408,"date":"2010-11-09T13:49:39","date_gmt":"2010-11-09T11:49:39","guid":{"rendered":"https:\/\/storlann.co.uk\/mirean\/?page_id=408"},"modified":"2018-01-10T09:39:37","modified_gmt":"2018-01-10T09:39:37","slug":"gabhaidh-sin-deanamh","status":"publish","type":"page","link":"https:\/\/storlann.co.uk\/mirean\/clar-amais\/rudan-as-urrainn-dhut-a-dheanamh-agus-a-leithid-sin\/gabhaidh-sin-deanamh\/","title":{"rendered":"Gabhaidh sin d\u00e8anamh (etc)."},"content":{"rendered":"<h3 class=\"page-info\">Mineachadh<\/h3>\n<p>Tha na gn\u00e0thasan-cainnte a leanas cuideachd ag innse gun urrainnear rud a dh\u00e8anamh (no nach urrainn):<\/p>\n<p>Gabh:<\/p>\n<ul>\n<li><strong>Gabhaidh<\/strong> sin <strong>d\u00e8anamh<\/strong>.<\/li>\n<li><strong>Cha ghabh<\/strong> sin <strong>ithe<\/strong><\/li>\n<\/ul>\n<p>Chi, cluinnidh &#8230;:<\/p>\n<ul>\n<li><strong>Ch\u00ec<\/strong> thu am muir \u00e0s a seo.<\/li>\n<li><strong>Chan fhaic<\/strong> mi am b\u00f2rd-dubh gun ghlainnichean.<\/li>\n<\/ul>\n<p>Rach + aig + air:<\/p>\n<ul>\n<li><strong>Th\u00e8id agam air<\/strong> coiseachd ged a tha mo chas goirt.<\/li>\n<li>Bha e doirbh ach <strong>chaidh againn air<\/strong> a\u2019 bheinn a shreap.<\/li>\n<\/ul>\n<p>&nbsp;<\/p>\n<p>&nbsp;<\/p>\n<hr \/>\n<div id=\"ccchildpages-1\" class=\"ccchildpages ccflex twocol ccgreen ccclearfix\"><ul class=\"ccchildpages_list ccclearfix\"><li class=\"page_item page-item-618\"><a href=\"https:\/\/storlann.co.uk\/mirean\/clar-amais\/rudan-as-urrainn-dhut-a-dheanamh-agus-a-leithid-sin\/gabhaidh-sin-deanamh\/eisimpleir\/\">Eisimpleirean<\/a><\/li>\n<li class=\"page_item page-item-616\"><a href=\"https:\/\/storlann.co.uk\/mirean\/clar-amais\/rudan-as-urrainn-dhut-a-dheanamh-agus-a-leithid-sin\/gabhaidh-sin-deanamh\/obair-ire-2\/\">Obair \u00ecre 2<\/a><\/li><\/ul><\/div>\n","protected":false},"excerpt":{"rendered":"<p>Mineachadh Tha na gn\u00e0thasan-cainnte a leanas cuideachd ag innse gun urrainnear rud a dh\u00e8anamh (no nach urrainn): Gabh: Gabhaidh sin d\u00e8anamh. Cha ghabh sin ithe Chi, cluinnidh &#8230;: Ch\u00ec thu am muir \u00e0s a seo. Chan fhaic mi am b\u00f2rd-dubh gun ghlainnichean. Rach + aig + air: Th\u00e8id agam air coiseachd ged a tha mo [&hellip;]<\/p>\n","protected":false},"author":1,"featured_media":0,"parent":191,"menu_order":46,"comment_status":"closed","ping_status":"closed","template":"","meta":{"inline_featured_image":false,"footnotes":""},"class_list":["post-408","page","type-page","status-publish","hentry","has-post-title","has-post-date","has-post-category","has-post-tag","has-post-comment","has-post-author",""],"builder_content":"","_links":{"self":[{"href":"https:\/\/storlann.co.uk\/mirean\/wp-json\/wp\/v2\/pages\/408","targetHints":{"allow":["GET"]}}],"collection":[{"href":"https:\/\/storlann.co.uk\/mirean\/wp-json\/wp\/v2\/pages"}],"about":[{"href":"https:\/\/storlann.co.uk\/mirean\/wp-json\/wp\/v2\/types\/page"}],"author":[{"embeddable":true,"href":"https:\/\/storlann.co.uk\/mirean\/wp-json\/wp\/v2\/users\/1"}],"replies":[{"embeddable":true,"href":"https:\/\/storlann.co.uk\/mirean\/wp-json\/wp\/v2\/comments?post=408"}],"version-history":[{"count":0,"href":"https:\/\/storlann.co.uk\/mirean\/wp-json\/wp\/v2\/pages\/408\/revisions"}],"up":[{"embeddable":true,"href":"https:\/\/storlann.co.uk\/mirean\/wp-json\/wp\/v2\/pages\/191"}],"wp:attachment":[{"href":"https:\/\/storlann.co.uk\/mirean\/wp-json\/wp\/v2\/media?parent=408"}],"curies":[{"name":"wp","href":"https:\/\/api.w.org\/{rel}","templated":true}]}}