{"id":387,"date":"2010-11-09T13:42:42","date_gmt":"2010-11-09T11:42:42","guid":{"rendered":"https:\/\/storlann.co.uk\/mirean\/?page_id=387"},"modified":"2018-01-09T09:20:49","modified_gmt":"2018-01-09T09:20:49","slug":"gheibh-thu-an-leabhar-ma-tha-thu-ga-iarraidh","status":"publish","type":"page","link":"https:\/\/storlann.co.uk\/mirean\/clar-amais\/ag-innse-mu-chuisean-a-tha-aon-cheum-a-mach\/gheibh-thu-an-leabhar-ma-tha-thu-ga-iarraidh\/","title":{"rendered":"Gheibh thu an leabhar ma tha thu ga iarraidh."},"content":{"rendered":"<h3 class=\"page-info\">M\u00ecneachadh<\/h3>\n<p>Tha d\u00e0 ph\u00e0tran eadar-dhealaichte ann airson a r\u00e0dh gu bheil aon rud an crochadh air rud eile.<\/p>\n<p>\u2019S e an d\u00f2igh as s\u00ecmplidhe dhiubh seo a bhith a\u2019 cleachdadh <strong>ma<\/strong>:<\/p>\n<ul>\n<li>Gheibh thu an leabhar <strong>ma<\/strong> tha thu ga iarraidh.<\/li>\n<\/ul>\n<p>[Tha ceangal d\u00ecreach eadar an d\u00e0 rud. Smaoinich air c\u00f2mhradh: \u201cA bheil thu ag iarraidh leabhar?\u201d \u201cTha.\u201d \u201cCeart, gheibh thu e.\u201d ie, tha faighinn an leabhair \u2018an crochadh air\u2019 gu bheil thu ga iarraidh.]<\/p>\n<p>Seo eisimpleirean eile:<\/p>\n<ul>\n<li><strong>Ma<\/strong> chuireas tu buidhe c\u00f2mhla ri dearg, gheibh thu orains.\u00a0\u00a0\u00a0\u00a0\u00a0\u00a0\u00a0\u00a0\u00a0\u00a0\u00a0\u00a0\u00a0\u00a0\u00a0\u00a0\u00a0\u00a0\u00a0\u00a0\u00a0\u00a0<\/li>\n<li>N\u00ec mi sin <strong>ma<\/strong> bhios t\u00ecde agam.\u00a0\u00a0\u00a0\u00a0\u00a0\u00a0\u00a0\u00a0\u00a0\u00a0\u00a0\u00a0\u00a0\u00a0\u00a0\u00a0\u00a0\u00a0\u00a0\u00a0\u00a0\u00a0\u00a0\u00a0\u00a0\u00a0\u00a0\u00a0\u00a0\u00a0\u00a0\u00a0\u00a0\u00a0\u00a0\u00a0\u00a0\u00a0\u00a0\u00a0\u00a0\u00a0\u00a0\u00a0\u00a0\u00a0\u00a0\u00a0\u00a0\u00a0\u00a0\u00a0\u00a0\u00a0\u00a0\u00a0\u00a0\u00a0\u00a0\u00a0\u00a0\u00a0\u00a0\u00a0\u00a0\u00a0\u00a0\u00a0\u00a0\u00a0\u00a0\u00a0\u00a0\u00a0\u00a0\u00a0\u00a0<\/li>\n<li><strong>Ma<\/strong> bha e aig a\u2019 gh\u00e8am, bidh fhios aige d\u00e8 thachair.<\/li>\n<\/ul>\n<p>[Tha <strong>tu<\/strong> air a chleachdadh an \u00e0ite <strong>thu<\/strong> \u00e0s d\u00e8idh <strong>bhios, chuireas<\/strong>.]<\/p>\n<p>Tha <strong>mura<\/strong> air a chleachdadh an \u00e0ite <strong>ma<\/strong> airson innse mu rud a thachras nuair <em>nach<\/em> tachair rud eile:<\/p>\n<ul>\n<li><strong>Mura<\/strong> bheil airgead agad, chan fhaigh thu dad an seo.\u00a0\u00a0\u00a0\u00a0\u00a0\u00a0\u00a0\u00a0\u00a0\u00a0\u00a0\u00a0\u00a0\u00a0\u00a0\u00a0\u00a0\u00a0\u00a0\u00a0\u00a0\u00a0\u00a0\u00a0\u00a0\u00a0\u00a0\u00a0\u00a0<\/li>\n<li><strong>Mura<\/strong> do rinn thu an obair, cha bhi iad toilichte.<\/li>\n<li>Chan fhuirich sinn riut <strong>mura<\/strong> bi thu an seo tr\u00e0th.<\/li>\n<\/ul>\n<p>\u00a0Tha d\u00f2igh eile ann air innse gu bheil aon rud an crochadh air rud eile a tha a\u2019 cleachdadh <strong>nan\/nam<\/strong> an \u00e0ite <strong>ma<\/strong>. Tha i a\u2019 cleachdadh nan riochdan seo den fhacal gn\u00ecomh \u2013<strong> bhithinn <\/strong>(mi),<strong> bhitheamaid <\/strong>(sinn),<strong> bhiodh\/bhitheadh<\/strong>, <strong>chuireadh <\/strong>-agus a\u2019 leantainn a\u2019 ph\u00e0train seo:<\/p>\n<ul>\n<li><strong>Nam biodh<\/strong> tu an seo an-dr\u00e0sta, <strong>chitheadh tu<\/strong> sealladh br\u00e8agha.<\/li>\n<li><strong>Nam biodh<\/strong> c\u00e0r agam, <strong>bheirinn<\/strong> lioft dhut.<\/li>\n<li><strong>Bhithinn<\/strong> gl\u00e8 thoilichte <strong>nam faighinn<\/strong> an duais sin.<\/li>\n<li><strong>Nan stadamaid<\/strong> an seo, chitheamaid sealladh br\u00e8agha.<\/li>\n<li>Bu toigh leam <strong>nan tigeadh<\/strong> tu c\u00f2mhla rium.<\/li>\n<\/ul>\n<p>[\u2019S e <strong>tu<\/strong> a tha air a chleachdadh \u00e0s d\u00e8idh <strong>bhiodh\/biodh\/chitheadh<\/strong> an \u00e0ite <strong>thu<\/strong>.]<\/p>\n<p>Uaireannan tha <strong>robh<\/strong> air a chleachdadh an \u00e0ite <strong>bhiodh\/biodh<\/strong>:<\/p>\n<ul>\n<li><strong>Nan robh<\/strong> thu an seo an-dr\u00e0sta, <strong>chitheadh<\/strong> tu sealladh br\u00e8agha.\u00a0\u00a0\u00a0\u00a0\u00a0\u00a0\u00a0\u00a0\u00a0\u00a0\u00a0\u00a0<\/li>\n<li><strong>Nan robh <\/strong>fhios air a bhith agam air sin, <strong>bha <\/strong>mi (<strong>bhithinn<\/strong>) air a dhol ann.<\/li>\n<\/ul>\n<p>[Tha <strong>nam<\/strong> + <strong>biodh<\/strong>\/<strong>cuireadh<\/strong> air an cleachdadh ma tha beagan m\u00ec-chinnt ann a thaobh a bheil an rud a tha ann a\u2019 dol a thachairt. San t-seantans <strong>Nam biodh c\u00e0r agam, bheirinn lioft dhut<\/strong>, mar eisimpleir, tha e soilleir nach eil c\u00e0r aig an neach-labhairt agus mar sin nach eil an neach eile a\u2019 dol a dh\u2019fhaighinn lioft.]<\/p>\n<p>&nbsp;<\/p>\n<hr \/>\n<div id=\"ccchildpages-1\" class=\"ccchildpages ccflex twocol ccgreen ccclearfix\"><ul class=\"ccchildpages_list ccclearfix\"><li class=\"page_item page-item-597\"><a href=\"https:\/\/storlann.co.uk\/mirean\/clar-amais\/ag-innse-mu-chuisean-a-tha-aon-cheum-a-mach\/gheibh-thu-an-leabhar-ma-tha-thu-ga-iarraidh\/eisimpleir\/\">Eisimpleirean<\/a><\/li>\n<li class=\"page_item page-item-595\"><a href=\"https:\/\/storlann.co.uk\/mirean\/clar-amais\/ag-innse-mu-chuisean-a-tha-aon-cheum-a-mach\/gheibh-thu-an-leabhar-ma-tha-thu-ga-iarraidh\/obair-ire-1\/\">Obair \u00ecre 1<\/a><\/li>\n<li class=\"page_item page-item-593\"><a href=\"https:\/\/storlann.co.uk\/mirean\/clar-amais\/ag-innse-mu-chuisean-a-tha-aon-cheum-a-mach\/gheibh-thu-an-leabhar-ma-tha-thu-ga-iarraidh\/obair-ire-2\/\">Obair \u00ecre 2<\/a><\/li><\/ul><\/div>\n","protected":false},"excerpt":{"rendered":"<p>M\u00ecneachadh Tha d\u00e0 ph\u00e0tran eadar-dhealaichte ann airson a r\u00e0dh gu bheil aon rud an crochadh air rud eile. \u2019S e an d\u00f2igh as s\u00ecmplidhe dhiubh seo a bhith a\u2019 cleachdadh ma: Gheibh thu an leabhar ma tha thu ga iarraidh. [Tha ceangal d\u00ecreach eadar an d\u00e0 rud. Smaoinich air c\u00f2mhradh: \u201cA bheil thu ag iarraidh [&hellip;]<\/p>\n","protected":false},"author":1,"featured_media":0,"parent":183,"menu_order":72,"comment_status":"closed","ping_status":"closed","template":"","meta":{"inline_featured_image":false,"footnotes":""},"class_list":["post-387","page","type-page","status-publish","hentry","has-post-title","has-post-date","has-post-category","has-post-tag","has-post-comment","has-post-author",""],"builder_content":"","_links":{"self":[{"href":"https:\/\/storlann.co.uk\/mirean\/wp-json\/wp\/v2\/pages\/387","targetHints":{"allow":["GET"]}}],"collection":[{"href":"https:\/\/storlann.co.uk\/mirean\/wp-json\/wp\/v2\/pages"}],"about":[{"href":"https:\/\/storlann.co.uk\/mirean\/wp-json\/wp\/v2\/types\/page"}],"author":[{"embeddable":true,"href":"https:\/\/storlann.co.uk\/mirean\/wp-json\/wp\/v2\/users\/1"}],"replies":[{"embeddable":true,"href":"https:\/\/storlann.co.uk\/mirean\/wp-json\/wp\/v2\/comments?post=387"}],"version-history":[{"count":0,"href":"https:\/\/storlann.co.uk\/mirean\/wp-json\/wp\/v2\/pages\/387\/revisions"}],"up":[{"embeddable":true,"href":"https:\/\/storlann.co.uk\/mirean\/wp-json\/wp\/v2\/pages\/183"}],"wp:attachment":[{"href":"https:\/\/storlann.co.uk\/mirean\/wp-json\/wp\/v2\/media?parent=387"}],"curies":[{"name":"wp","href":"https:\/\/api.w.org\/{rel}","templated":true}]}}