{"id":379,"date":"2010-11-09T13:39:06","date_gmt":"2010-11-09T11:39:06","guid":{"rendered":"https:\/\/storlann.co.uk\/mirean\/?page_id=379"},"modified":"2018-01-09T09:19:43","modified_gmt":"2018-01-09T09:19:43","slug":"tha-mi-a-smaoineachadh-gur-e-lainn-a-rinn-e","status":"publish","type":"page","link":"https:\/\/storlann.co.uk\/mirean\/clar-amais\/ag-innse-mu-chuisean-a-tha-aon-cheum-a-mach\/tha-mi-a-smaoineachadh-gur-e-lainn-a-rinn-e\/","title":{"rendered":"Tha mi a&#8217; smaoineachadh gur e Iain a rinn e."},"content":{"rendered":"<h3 class=\"page-info\">M\u00ecneachadh<\/h3>\n<p>Tha na p\u00e0train a leanas ag innse mu rud a <em>thuirt<\/em> cuideigin a thachair (no a tha dol a thachairt) no rud a tha an neach-labhairt a\u2019 <em>smaoineachadh<\/em> a tha f\u00ecor \u2013 an turas seo ann an d\u00f2igh a tha a\u2019 cur cuideam air facal no abairt \u00e0raidh:<\/p>\n<ul>\n<li>Tha mi a\u2019 smaoineachadh <strong>gur e<\/strong> Iain a rinn e. (\u2019S e Iain a rinn e.)<\/li>\n<li>Tha iad ag innse dhomh <strong>gur e<\/strong> seo a thachair.<\/li>\n<li>Tha mi a\u2019 smaoineachadh <strong>nach e<\/strong> Tormod a thuirt sin idir.<\/li>\n<\/ul>\n<p>Tha an aon se\u00f2rsa p\u00e0train ann le <strong>\u2019s ann<\/strong>:<\/p>\n<ul>\n<li>Tha e a\u2019 r\u00e0dh <strong>gur ann<\/strong> air a\u2019 bhus a th\u00e0inig e. (\u2019S ann air a\u2019 bhus a th\u00e0inig e.)<\/li>\n<li>Tha mi a\u2019 smaoineachadh <strong>gur ann<\/strong> a\u2019 sn\u00e0mh a bha iad nuair a thachair e.<\/li>\n<li>Cuimhnich <strong>gur ann<\/strong> a-m\u00e0ireach a bhios an g\u00e8am m\u00f2r ann.<\/li>\n<li>Tha e a\u2019 r\u00e0dh <strong>nach ann<\/strong> leis-san a tha an c\u00f2ta sin idir.<\/li>\n<\/ul>\n<p>Faodar <strong>b\u2019 e\/b\u2019 ann<\/strong> a chleachdadh mu rudan a thachair ron a seo (ged is e <strong>\u2019s e<\/strong>\/<strong>\u2019s ann<\/strong> as cumanta) :<\/p>\n<ul>\n<li>Bha e a\u2019 r\u00e0dh <strong>gum b\u2019 e<\/strong> cuideigin eile a rinn sin.<\/li>\n<li>Bha e a\u2019 r\u00e0dh <strong>gum b\u2019 ann<\/strong> an sin a thachair e.<\/li>\n<\/ul>\n<p>&nbsp;<\/p>\n<hr \/>\n<div id=\"ccchildpages-1\" class=\"ccchildpages ccflex twocol ccgreen ccclearfix\"><ul class=\"ccchildpages_list ccclearfix\"><li class=\"page_item page-item-579\"><a href=\"https:\/\/storlann.co.uk\/mirean\/clar-amais\/ag-innse-mu-chuisean-a-tha-aon-cheum-a-mach\/tha-mi-a-smaoineachadh-gur-e-lainn-a-rinn-e\/obair-ire-1\/\">Obair \u00ecre 1<\/a><\/li>\n<li class=\"page_item page-item-577\"><a href=\"https:\/\/storlann.co.uk\/mirean\/clar-amais\/ag-innse-mu-chuisean-a-tha-aon-cheum-a-mach\/tha-mi-a-smaoineachadh-gur-e-lainn-a-rinn-e\/obair-ire-2\/\">Obair \u00ecre 2<\/a><\/li>\n<li class=\"page_item page-item-575\"><a href=\"https:\/\/storlann.co.uk\/mirean\/clar-amais\/ag-innse-mu-chuisean-a-tha-aon-cheum-a-mach\/tha-mi-a-smaoineachadh-gur-e-lainn-a-rinn-e\/obair-ire-3\/\">Obair \u00ecre 3<\/a><\/li><\/ul><\/div>\n","protected":false},"excerpt":{"rendered":"<p>M\u00ecneachadh Tha na p\u00e0train a leanas ag innse mu rud a thuirt cuideigin a thachair (no a tha dol a thachairt) no rud a tha an neach-labhairt a\u2019 smaoineachadh a tha f\u00ecor \u2013 an turas seo ann an d\u00f2igh a tha a\u2019 cur cuideam air facal no abairt \u00e0raidh: Tha mi a\u2019 smaoineachadh gur e [&hellip;]<\/p>\n","protected":false},"author":1,"featured_media":0,"parent":183,"menu_order":54,"comment_status":"closed","ping_status":"closed","template":"","meta":{"inline_featured_image":false,"footnotes":""},"class_list":["post-379","page","type-page","status-publish","hentry","has-post-title","has-post-date","has-post-category","has-post-tag","has-post-comment","has-post-author",""],"builder_content":"","_links":{"self":[{"href":"https:\/\/storlann.co.uk\/mirean\/wp-json\/wp\/v2\/pages\/379","targetHints":{"allow":["GET"]}}],"collection":[{"href":"https:\/\/storlann.co.uk\/mirean\/wp-json\/wp\/v2\/pages"}],"about":[{"href":"https:\/\/storlann.co.uk\/mirean\/wp-json\/wp\/v2\/types\/page"}],"author":[{"embeddable":true,"href":"https:\/\/storlann.co.uk\/mirean\/wp-json\/wp\/v2\/users\/1"}],"replies":[{"embeddable":true,"href":"https:\/\/storlann.co.uk\/mirean\/wp-json\/wp\/v2\/comments?post=379"}],"version-history":[{"count":0,"href":"https:\/\/storlann.co.uk\/mirean\/wp-json\/wp\/v2\/pages\/379\/revisions"}],"up":[{"embeddable":true,"href":"https:\/\/storlann.co.uk\/mirean\/wp-json\/wp\/v2\/pages\/183"}],"wp:attachment":[{"href":"https:\/\/storlann.co.uk\/mirean\/wp-json\/wp\/v2\/media?parent=379"}],"curies":[{"name":"wp","href":"https:\/\/api.w.org\/{rel}","templated":true}]}}