{"id":328,"date":"2010-09-17T15:31:58","date_gmt":"2010-09-17T13:31:58","guid":{"rendered":"https:\/\/storlann.co.uk\/mirean\/?page_id=328"},"modified":"2018-01-09T09:11:35","modified_gmt":"2018-01-09T09:11:35","slug":"agam-annam-asam-bhuam","status":"publish","type":"page","link":"https:\/\/storlann.co.uk\/mirean\/clar-amais\/far-a-bheil-rudan-agus-a-leithid-sin\/agam-annam-asam-bhuam\/","title":{"rendered":"Agam, annam, asam, bhuam"},"content":{"rendered":"<h3 class=\"page-info\">M\u00ecneachadh<\/h3>\n<p>Tha na faclan <strong>\u00e0<\/strong>, <strong>aig, air, bho\/o, de, do, eadar, gu, le, mu, ri, ro, tro <\/strong>a\u2019 dol c\u00f2mhla ri <strong>mi, thu, e, i, sinn, sibh, iad<\/strong> gus faclan \u00f9ra a chruthachadh, mar a leanas:<\/p>\n<ul type=\"disc\">\n<li>\u00e0 \u00a0\u00a0\u00a0\u00a0\u00a0<strong>asam<\/strong> \u2026<\/li>\n<\/ul>\n<ul type=\"disc\">\n<li>aig \u00a0\u00a0\u00a0\u00a0\u00a0<strong>agam <\/strong>\u2026<\/li>\n<\/ul>\n<ul type=\"disc\">\n<li>air \u00a0\u00a0\u00a0\u00a0\u00a0<strong>orm<\/strong> \u2026<\/li>\n<\/ul>\n<ul type=\"disc\">\n<li>bho\/o \u00a0\u00a0\u00a0\u00a0\u00a0<strong>bhuam\/uam<\/strong> \u2026<\/li>\n<\/ul>\n<ul type=\"disc\">\n<li>de\u00a0\u00a0\u00a0\u00a0\u00a0<strong>dh\u00ecom<\/strong> \u2026<\/li>\n<\/ul>\n<ul type=\"disc\">\n<li>do \u00a0\u00a0\u00a0\u00a0\u00a0<strong>dhomh<\/strong> \u2026<\/li>\n<\/ul>\n<ul type=\"disc\">\n<li>eadar \u00a0\u00a0\u00a0\u00a0\u00a0<strong>eadarainn<\/strong> \u2026<\/li>\n<\/ul>\n<ul type=\"disc\">\n<li>gu \u00a0\u00a0\u00a0\u00a0\u00a0<strong>thugam<\/strong> \u2026<\/li>\n<\/ul>\n<ul type=\"disc\">\n<li>le \u00a0\u00a0\u00a0\u00a0\u00a0<strong>leam<\/strong> \u2026<\/li>\n<\/ul>\n<ul type=\"disc\">\n<li>mu \u00a0\u00a0\u00a0\u00a0\u00a0<strong>umam<\/strong> \u2026<\/li>\n<\/ul>\n<ul type=\"disc\">\n<li>ri \u00a0\u00a0\u00a0\u00a0\u00a0 <strong>rium<\/strong> \u2026<\/li>\n<\/ul>\n<ul type=\"disc\">\n<li>ro \u00a0\u00a0\u00a0\u00a0\u00a0<strong>romham<\/strong> \u2026<\/li>\n<\/ul>\n<ul type=\"disc\">\n<li>tro \u00a0\u00a0\u00a0\u00a0\u00a0 <strong>tromham<\/strong> \u2026<\/li>\n<\/ul>\n<p>Mar eisimpleir:<\/p>\n<ul>\n<li>Tha fhios <strong>agam<\/strong>.<\/li>\n<li>Tha c\u00f2ta <strong>orm<\/strong>.<\/li>\n<li>Thoir sin <strong>dhomh.<\/strong><\/li>\n<li>Chuir mi <strong>dh\u00ecom<\/strong> mo ch\u00f2ta.<\/li>\n<\/ul>\n<p>Tha na riochdan a leanas de <strong>asam, agam, orm<\/strong> agus an leithid air an cleachdadh airson cuideam a chur orra:<\/p>\n<ul>\n<li>agam<strong>sa<\/strong> (mi), agad<strong>sa<\/strong> (thu), aige<strong>san<\/strong> (e), aice<strong>se<\/strong> (i), againn<strong>e<\/strong> (sinn), agaibh<strong>se<\/strong> (sibh), aca<strong>san<\/strong> (iad).<\/li>\n<\/ul>\n<p>&nbsp;<br \/>\n&nbsp;<\/p>\n<hr \/>\n<div id=\"ccchildpages-1\" class=\"ccchildpages ccflex twocol ccgreen ccclearfix\"><ul class=\"ccchildpages_list ccclearfix\"><li class=\"page_item page-item-462\"><a href=\"https:\/\/storlann.co.uk\/mirean\/clar-amais\/far-a-bheil-rudan-agus-a-leithid-sin\/agam-annam-asam-bhuam\/eisimpleir\/\">Eisimpleirean<\/a><\/li>\n<li class=\"page_item page-item-464\"><a href=\"https:\/\/storlann.co.uk\/mirean\/clar-amais\/far-a-bheil-rudan-agus-a-leithid-sin\/agam-annam-asam-bhuam\/obair-ire-1\/\">Obair \u00ecre 1<\/a><\/li>\n<li class=\"page_item page-item-466\"><a href=\"https:\/\/storlann.co.uk\/mirean\/clar-amais\/far-a-bheil-rudan-agus-a-leithid-sin\/agam-annam-asam-bhuam\/obair-ire-2\/\">Obair \u00ecre 2<\/a><\/li><\/ul><\/div>\n","protected":false},"excerpt":{"rendered":"<p>M\u00ecneachadh Tha na faclan \u00e0, aig, air, bho\/o, de, do, eadar, gu, le, mu, ri, ro, tro a\u2019 dol c\u00f2mhla ri mi, thu, e, i, sinn, sibh, iad gus faclan \u00f9ra a chruthachadh, mar a leanas: \u00e0 \u00a0\u00a0\u00a0\u00a0\u00a0asam \u2026 aig \u00a0\u00a0\u00a0\u00a0\u00a0agam \u2026 air \u00a0\u00a0\u00a0\u00a0\u00a0orm \u2026 bho\/o \u00a0\u00a0\u00a0\u00a0\u00a0bhuam\/uam \u2026 de\u00a0\u00a0\u00a0\u00a0\u00a0dh\u00ecom \u2026 do \u00a0\u00a0\u00a0\u00a0\u00a0dhomh \u2026 eadar \u00a0\u00a0\u00a0\u00a0\u00a0eadarainn [&hellip;]<\/p>\n","protected":false},"author":1,"featured_media":0,"parent":171,"menu_order":33,"comment_status":"closed","ping_status":"closed","template":"","meta":{"inline_featured_image":false,"footnotes":""},"class_list":["post-328","page","type-page","status-publish","hentry","has-post-title","has-post-date","has-post-category","has-post-tag","has-post-comment","has-post-author",""],"builder_content":"","_links":{"self":[{"href":"https:\/\/storlann.co.uk\/mirean\/wp-json\/wp\/v2\/pages\/328","targetHints":{"allow":["GET"]}}],"collection":[{"href":"https:\/\/storlann.co.uk\/mirean\/wp-json\/wp\/v2\/pages"}],"about":[{"href":"https:\/\/storlann.co.uk\/mirean\/wp-json\/wp\/v2\/types\/page"}],"author":[{"embeddable":true,"href":"https:\/\/storlann.co.uk\/mirean\/wp-json\/wp\/v2\/users\/1"}],"replies":[{"embeddable":true,"href":"https:\/\/storlann.co.uk\/mirean\/wp-json\/wp\/v2\/comments?post=328"}],"version-history":[{"count":0,"href":"https:\/\/storlann.co.uk\/mirean\/wp-json\/wp\/v2\/pages\/328\/revisions"}],"up":[{"embeddable":true,"href":"https:\/\/storlann.co.uk\/mirean\/wp-json\/wp\/v2\/pages\/171"}],"wp:attachment":[{"href":"https:\/\/storlann.co.uk\/mirean\/wp-json\/wp\/v2\/media?parent=328"}],"curies":[{"name":"wp","href":"https:\/\/api.w.org\/{rel}","templated":true}]}}