{"id":311,"date":"2010-09-17T15:26:06","date_gmt":"2010-09-17T13:26:06","guid":{"rendered":"https:\/\/storlann.co.uk\/mirean\/?page_id=311"},"modified":"2018-01-09T16:57:10","modified_gmt":"2018-01-09T16:57:10","slug":"obair-ire-1","status":"publish","type":"page","link":"https:\/\/storlann.co.uk\/mirean\/clar-amais\/a-cur-cuideam-air-rud\/s-e-an-e-chan-e-an-e\/obair-ire-1\/","title":{"rendered":"Obair \u00ecre 1"},"content":{"rendered":"<div class=\"obair-ire-1-wrapper\">\n<p class=\"obair-ire1\"><em>&#8216;S e, an e, chan e, an e; &#8216;s e M\u00e0iri a tha ann, chan e Anna; &#8216;s e Iain a rinn sin; &#8216;s ann, an ann, chan ann; &#8216;s ann an seo a thachair e<\/em><\/p>\n<h3>Cothroman ann an c\u00e0nan a\u2019 chlas airson eisimpleirean a thoirt don chloinn air structaran<\/h3>\n<p>Nuair a tha iad ag obair ann am buidhnean, faodaidh tu ceistean fhaighneachd dhaibh mar a leanas.<\/p>\n<p>\u201dAn e Iain a tha gu bhith a\u2019 sgr\u00ecobhadh?\u201d<br \/>\n \u201cAn ann a\u2019 ceartachadh a tha Anna?\u201d<br \/>\n \u201cAn e M\u00e0rtainn a thuirt sin?<\/p>\n<p>&nbsp;<\/p>\n<hr \/>\n<h3>Gn\u00ecomh<\/h3>\n<p>Duilleag-obrach (D\u00e8 thuirt thu 2?)<br \/>\n C\u00f2 rinn d\u00e8?<\/p>\n<p>&nbsp;<\/p>\n<hr \/>\n<h3>Cothroman tar-churraicealaim<\/h3>\n<p><strong>Matamataigs<\/strong><\/p>\n<p><span style=\"text-decoration: underline;\"><a href=\"https:\/\/storlann.co.uk\/mirean\/wp-content\/uploads\/2010\/09\/5A1-pic1.png\"><img loading=\"lazy\" decoding=\"async\" class=\"alignright size-full wp-image-2097\" title=\"5A1-pic1\" src=\"https:\/\/storlann.co.uk\/mirean\/wp-content\/uploads\/2010\/09\/5A1-pic1.png\" alt=\"Graphic: Transport methods\" width=\"225\" height=\"197\" \/><\/a>Rannsachadh S\u00ecmplidh<\/span><\/p>\n<p>Faodaidh na sgoilearan rannsachadh s\u00ecmplidh a dh\u00e8anamh anns a\u2019 chlas a\u2019 cl\u00e0radh ciamar a th\u00e0inig iad dhan sgoil. Feumaidh iad p\u00e0tran na seachdain a chleachdadh.<\/p>\n<p>\u201cAn ann air a\u2019 bhus a th\u00e0inig thu dhan sgoil an-diugh?\u201d msaa<\/p>\n<p>Faodaidh iad graf a dh\u00e8anamh aig an deireadh.<\/p>\n<p>&nbsp;<\/p>\n<h3>\u00d2rain agus rannan (D\u00e8 thuirt thu?)<\/h3>\n<p>Na maragan aig Ruairidh<\/p>\n<h3>\u00a0<\/h3>\n<\/div>\n","protected":false},"excerpt":{"rendered":"<p>&#8216;S e, an e, chan e, an e; &#8216;s e M\u00e0iri a tha ann, chan e Anna; &#8216;s e Iain a rinn sin; &#8216;s ann, an ann, chan ann; &#8216;s ann an seo a thachair e Cothroman ann an c\u00e0nan a\u2019 chlas airson eisimpleirean a thoirt don chloinn air structaran Nuair a tha iad ag [&hellip;]<\/p>\n","protected":false},"author":1,"featured_media":0,"parent":302,"menu_order":0,"comment_status":"closed","ping_status":"closed","template":"","meta":{"inline_featured_image":false,"footnotes":""},"class_list":["post-311","page","type-page","status-publish","hentry","has-post-title","has-post-date","has-post-category","has-post-tag","has-post-comment","has-post-author",""],"builder_content":"","_links":{"self":[{"href":"https:\/\/storlann.co.uk\/mirean\/wp-json\/wp\/v2\/pages\/311","targetHints":{"allow":["GET"]}}],"collection":[{"href":"https:\/\/storlann.co.uk\/mirean\/wp-json\/wp\/v2\/pages"}],"about":[{"href":"https:\/\/storlann.co.uk\/mirean\/wp-json\/wp\/v2\/types\/page"}],"author":[{"embeddable":true,"href":"https:\/\/storlann.co.uk\/mirean\/wp-json\/wp\/v2\/users\/1"}],"replies":[{"embeddable":true,"href":"https:\/\/storlann.co.uk\/mirean\/wp-json\/wp\/v2\/comments?post=311"}],"version-history":[{"count":0,"href":"https:\/\/storlann.co.uk\/mirean\/wp-json\/wp\/v2\/pages\/311\/revisions"}],"up":[{"embeddable":true,"href":"https:\/\/storlann.co.uk\/mirean\/wp-json\/wp\/v2\/pages\/302"}],"wp:attachment":[{"href":"https:\/\/storlann.co.uk\/mirean\/wp-json\/wp\/v2\/media?parent=311"}],"curies":[{"name":"wp","href":"https:\/\/api.w.org\/{rel}","templated":true}]}}