{"id":239,"date":"2010-09-16T15:05:27","date_gmt":"2010-09-16T15:05:27","guid":{"rendered":"http:\/\/localhost\/wordpress\/?page_id=230"},"modified":"2018-01-09T16:35:14","modified_gmt":"2018-01-09T16:35:14","slug":"obair-ire-1","status":"publish","type":"page","link":"https:\/\/storlann.co.uk\/mirean\/clar-amais\/ag-innse-mu-rudan-a-thachras-as-deidh-seo\/cuiridh-an-cuir-olaidh-chan-ol\/obair-ire-1\/","title":{"rendered":"Obair \u00ecre 1"},"content":{"rendered":"<div class=\"obair-ire-1-wrapper\">\n<p class=\"obair-ire1\"><em>Cuiridh, an cuir, ; cha chuir, a chuireas; \u00f2laidh, an \u00f2l, chan \u00f2l, a dh&#8217;\u00f2las; f\u00e0gaidh, am f\u00e0g, chan fh\u00e0g, a dh&#8217;fh\u00e0gas; cuiridh sinn am b\u00f2rd an seo.; ruith nuair a sh\u00e8ideas mi an fh\u00ecdeag<\/em><\/p>\n<p><strong>Cothroman ann an c\u00e0nan a\u2019 chlas airson eisimpleirean a thoirt don chloinn air structaran<\/strong><\/p>\n<p>D\u00e8 bhios sibh a\u2019 d\u00e8anamh ma chluinneas sibh an rabhadh-teine?<br \/>\n \u201cSeasaidh mi suas, cuiridh mi mo sh\u00e8ithear a-steach, coisichidh mi a-mach gu socair. Seasaidh mi anns an loidhne agam agus cumaidh mi s\u00e0mhach.\u201d<\/p>\n<p>Bruidhinn mu dheidhinn na bhios iad gu bhith a\u2019 d\u00e8anamh aig an deireadh-sheachdain no anns na saor-l\u00e0ithean.<\/p>\n<hr \/>\n<h3>Gn\u00ecomhan<\/h3>\n<p><strong>\u00a0<\/strong><strong>Am b\u00e0lla criostal<\/strong><br \/>\n D\u00e8an suas liosta de cheistean airson na cloinne mu dheidhinn d\u00e8 tha a\u2019 dol a thachart tron t-seachdain. Faodaidh tu ceistean a chur ann mun cheannard agad, tidsearan eile, daoine ainmeil msaa. Feumaidh a\u2019 chlann na ceistean a fhreagairt agus aig deireadh na seachdain, thoir s\u00f9il air na freagairtean agus ch\u00ec thu c\u00f2 bha ceart!<br \/>\n me<\/p>\n<p>An cuir Mr Mackay br\u00f2gan donn air Diciadain? ______________ (Cuiridh\/cha chuir)<\/p>\n<p>An \u00f2l Mrs Maciver cupa cofaidh Dim\u00e0irt aig \u00e0m-cluich? _________ (\u00d2laidh\/ chan \u00f2l)<\/p>\n<p>Am f\u00e0g duine sam bith bogsa-b\u00ecdh anns an t-se\u00f2mar-ch\u00f2taichean. Dihaoine ____________ (F\u00e0gaidh \/ chan fh\u00e0g)<\/p>\n<p>An cuir Cheryl Cole dreasa dubh oirre oidhche Shathairne air an X-Factor ________<br \/>\n (Cuiridh \/ cha chuir)<\/p>\n<p>msaa<\/p>\n<hr \/>\n<h3>Cothroman tar-churraicealaim<\/h3>\n<p><strong>Ce\u00f2l<\/strong><\/p>\n<p align=\"left\"><span style=\"text-decoration: underline;\">Tillidh Mi<br \/>\n <\/span><br \/>\n Tha samhradh bliadhna eile air tighinn<br \/>\n Ach cha thog mo ghrian an-\u00e0ird<br \/>\n Mo chasan trom &#8216;s iad &#8216;g iarraidh dhachaigh<br \/>\n &#8216;S m&#8217; inntinn dol mun cuairt<br \/>\n Tha mi fallain, tha mi \u00f2g<br \/>\n Ach lag &#8216;s mi b\u00e0thadh gun do ph\u00f2g<br \/>\n Cha chaidil mi gun till mi gu mo ghr\u00e0dh<\/p>\n<p align=\"left\">Tillidh mi dhachaigh, tillidh mi dhachaigh<br \/>\n Cha chaidil mi gun till mi gu mo ghr\u00e0dh<\/p>\n<p align=\"left\">Bho \u00e0m gu \u00e0m bidh mise a&#8217; coiseachd<br \/>\n Nam \u00f2nrachd s\u00ecos an t-sr\u00e0id<br \/>\n Mi smuaineachadh air abhainn fhada<br \/>\n Tha laighe fad&#8217; bhon rathad<br \/>\n \u2019S i gu bhith l\u00e0n le bric a&#8217; sn\u00e0mh<br \/>\n &#8216;S tachais dian na mo l\u00e0imh<br \/>\n Cha chaidil mi gun till mi gu mo ghr\u00e0dh.<\/p>\n<p>Nuair a thuiteas oidhche orm<br \/>\n &#8216;S e \u00e0m as miosa a th\u2019 ann<br \/>\n Mise laighe na mo leabaidh<br \/>\n &#8216;S thusa na mo cheann<br \/>\n Cha bhiodh an samhradh cheart cho doirbh<br \/>\n &#8216;S tu nad sh\u00ecneadh ri mo thaobh<br \/>\n Cha chaidil mi gun till mi gu mo ghr\u00e0dh.<\/p>\n<p><span style=\"color: #ff9900;\">Faclan aig Calum D\u00f2mhnallach (<a href=\"http:\/\/www.runrig.co.uk\" target=\"_blank\" rel=\"noopener\"><span style=\"color: #ff9900;\">www.runrig.co.uk<\/span><\/a>)<\/span><\/p>\n<hr \/>\n<h3>\u00a0<\/h3>\n<h3>\u00d2rain agus rannan (D\u00e8 thuirt thu?)<\/h3>\n<p>Anns a\u2019 pholl (Nighidh\/glanaidh)<br \/>\n Cluichidh mis\u2019 a-muigh (Cluichidh\/falbhaidh)<br \/>\n Ruidhlidh na coilich dhubha (Ruidhlidh\/dannsaidh)<br \/>\n Peantaidh mise dealbh dhut (Peantaidh \/ suidhidh \/ leughaidh \/ sgr\u00ecobhaidh \/ seinnidh \/ cluichidh\/falbhaidh)<br \/>\n Crathaidh mi mo l\u00e0mhan (Crathaidh \/ breabaidh \/ buailidh \/ slaodaidh \/ dioglaidh)<\/p>\n<p>&nbsp;<\/p>\n<\/div>\n","protected":false},"excerpt":{"rendered":"<p>Cuiridh, an cuir, ; cha chuir, a chuireas; \u00f2laidh, an \u00f2l, chan \u00f2l, a dh&#8217;\u00f2las; f\u00e0gaidh, am f\u00e0g, chan fh\u00e0g, a dh&#8217;fh\u00e0gas; cuiridh sinn am b\u00f2rd an seo.; ruith nuair a sh\u00e8ideas mi an fh\u00ecdeag Cothroman ann an c\u00e0nan a\u2019 chlas airson eisimpleirean a thoirt don chloinn air structaran D\u00e8 bhios sibh a\u2019 d\u00e8anamh ma [&hellip;]<\/p>\n","protected":false},"author":1,"featured_media":0,"parent":205,"menu_order":79,"comment_status":"closed","ping_status":"closed","template":"","meta":{"inline_featured_image":false,"footnotes":""},"class_list":["post-239","page","type-page","status-publish","hentry","has-post-title","has-post-date","has-post-category","has-post-tag","has-post-comment","has-post-author",""],"builder_content":"","_links":{"self":[{"href":"https:\/\/storlann.co.uk\/mirean\/wp-json\/wp\/v2\/pages\/239","targetHints":{"allow":["GET"]}}],"collection":[{"href":"https:\/\/storlann.co.uk\/mirean\/wp-json\/wp\/v2\/pages"}],"about":[{"href":"https:\/\/storlann.co.uk\/mirean\/wp-json\/wp\/v2\/types\/page"}],"author":[{"embeddable":true,"href":"https:\/\/storlann.co.uk\/mirean\/wp-json\/wp\/v2\/users\/1"}],"replies":[{"embeddable":true,"href":"https:\/\/storlann.co.uk\/mirean\/wp-json\/wp\/v2\/comments?post=239"}],"version-history":[{"count":0,"href":"https:\/\/storlann.co.uk\/mirean\/wp-json\/wp\/v2\/pages\/239\/revisions"}],"up":[{"embeddable":true,"href":"https:\/\/storlann.co.uk\/mirean\/wp-json\/wp\/v2\/pages\/205"}],"wp:attachment":[{"href":"https:\/\/storlann.co.uk\/mirean\/wp-json\/wp\/v2\/media?parent=239"}],"curies":[{"name":"wp","href":"https:\/\/api.w.org\/{rel}","templated":true}]}}

Obair ìre 1

<div class="obair-ire-1-wrapper">
<p class="obair-ire1"><em>Cuiridh, an cuir, ; cha chuir, a chuireas; òlaidh, an òl, chan òl, a dh&#8217;òlas; fàgaidh, am fàg, chan fhàg, a dh&#8217;fhàgas; cuiridh sinn am bòrd an seo.; ruith nuair a shèideas mi an fhìdeag</em></p>
<p><strong>Cothroman ann an cànan a’ chlas airson eisimpleirean a thoirt don chloinn air structaran</strong></p>
<p>Dè bhios sibh a’ dèanamh ma chluinneas sibh an rabhadh-teine?<br />
 “Seasaidh mi suas, cuiridh mi mo shèithear a-steach, coisichidh mi a-mach gu socair. Seasaidh mi anns an loidhne agam agus cumaidh mi sàmhach.”</p>
<p>Bruidhinn mu dheidhinn na bhios iad gu bhith a’ dèanamh aig an deireadh-sheachdain no anns na saor-làithean.</p>
<hr />
<h3>Gnìomhan</h3>
<p><strong> </strong><strong>Am bàlla criostal</strong><br />
 Dèan suas liosta de cheistean airson na cloinne mu dheidhinn dè tha a’ dol a thachart tron t-seachdain. Faodaidh tu ceistean a chur ann mun cheannard agad, tidsearan eile, daoine ainmeil msaa. Feumaidh a’ chlann na ceistean a fhreagairt agus aig deireadh na seachdain, thoir sùil air na freagairtean agus chì thu cò bha ceart!<br />
 me</p>
<p>An cuir Mr Mackay brògan donn air Diciadain? ______________ (Cuiridh/cha chuir)</p>
<p>An òl Mrs Maciver cupa cofaidh Dimàirt aig àm-cluich? _________ (Òlaidh/ chan òl)</p>
<p>Am fàg duine sam bith bogsa-bìdh anns an t-seòmar-chòtaichean. Dihaoine ____________ (Fàgaidh / chan fhàg)</p>
<p>An cuir Cheryl Cole dreasa dubh oirre oidhche Shathairne air an X-Factor ________<br />
 (Cuiridh / cha chuir)</p>
<p>msaa</p>
<hr />
<h3>Cothroman tar-churraicealaim</h3>
<p><strong>Ceòl</strong></p>
<p align="left"><span style="text-decoration: underline;">Tillidh Mi<br />
 </span><br />
 Tha samhradh bliadhna eile air tighinn<br />
 Ach cha thog mo ghrian an-àird<br />
 Mo chasan trom &#8216;s iad &#8216;g iarraidh dhachaigh<br />
 &#8216;S m&#8217; inntinn dol mun cuairt<br />
 Tha mi fallain, tha mi òg<br />
 Ach lag &#8216;s mi bàthadh gun do phòg<br />
 Cha chaidil mi gun till mi gu mo ghràdh</p>
<p align="left">Tillidh mi dhachaigh, tillidh mi dhachaigh<br />
 Cha chaidil mi gun till mi gu mo ghràdh</p>
<p align="left">Bho àm gu àm bidh mise a&#8217; coiseachd<br />
 Nam ònrachd sìos an t-sràid<br />
 Mi smuaineachadh air abhainn fhada<br />
 Tha laighe fad&#8217; bhon rathad<br />
 ’S i gu bhith làn le bric a&#8217; snàmh<br />
 &#8216;S tachais dian na mo làimh<br />
 Cha chaidil mi gun till mi gu mo ghràdh.</p>
<p>Nuair a thuiteas oidhche orm<br />
 &#8216;S e àm as miosa a th’ ann<br />
 Mise laighe na mo leabaidh<br />
 &#8216;S thusa na mo cheann<br />
 Cha bhiodh an samhradh cheart cho doirbh<br />
 &#8216;S tu nad shìneadh ri mo thaobh<br />
 Cha chaidil mi gun till mi gu mo ghràdh.</p>
<p><span style="color: #ff9900;">Faclan aig Calum Dòmhnallach (<a href="http://www.runrig.co.uk" target="_blank" rel="noopener"><span style="color: #ff9900;">www.runrig.co.uk</span></a>)</span></p>
<hr />
<h3> </h3>
<h3>Òrain agus rannan (Dè thuirt thu?)</h3>
<p>Anns a’ pholl (Nighidh/glanaidh)<br />
 Cluichidh mis’ a-muigh (Cluichidh/falbhaidh)<br />
 Ruidhlidh na coilich dhubha (Ruidhlidh/dannsaidh)<br />
 Peantaidh mise dealbh dhut (Peantaidh / suidhidh / leughaidh / sgrìobhaidh / seinnidh / cluichidh/falbhaidh)<br />
 Crathaidh mi mo làmhan (Crathaidh / breabaidh / buailidh / slaodaidh / dioglaidh)</p>
<p>&nbsp;</p>
</div>

<p>Cuiridh, an cuir, ; cha chuir, a chuireas; òlaidh, an òl, chan òl, a dh&#8217;òlas; fàgaidh, am fàg, chan fhàg, a dh&#8217;fhàgas; cuiridh sinn am bòrd an seo.; ruith nuair a shèideas mi an fhìdeag Cothroman ann an cànan a’ chlas airson eisimpleirean a thoirt don chloinn air structaran Dè bhios sibh a’ dèanamh ma [&hellip;]</p>
