{"id":217,"date":"2010-09-16T14:59:58","date_gmt":"2010-09-16T14:59:58","guid":{"rendered":"http:\/\/localhost\/wordpress\/?page_id=217"},"modified":"2011-11-03T17:04:08","modified_gmt":"2011-11-03T17:04:08","slug":"eisimpleir","status":"publish","type":"page","link":"https:\/\/storlann.co.uk\/mirean\/clar-amais\/ag-innse-mu-rudan-a-thachras-as-deidh-seo\/bidh-bithidh\/eisimpleir\/","title":{"rendered":"Eisimpleirean"},"content":{"rendered":"<table class=\"eisimpleirean-t\" title=\"This table contains useage examples\" width=\"100%\">\n<tbody>\n<tr class=\"eisimpleirean-t-h\">\n<td width=\"199\">\n<p align=\"center\">P\u00e0irt 1<\/p>\n<\/td>\n<td width=\"192\">\n<p align=\"center\">bidh \u2026<\/p>\n<\/td>\n<td width=\"215\">\n<p align=\"center\">P\u00e0irt 2<\/p>\n<\/td>\n<\/tr>\n<tr>\n<td width=\"199\">\n<p align=\"center\">&#8211;<\/p>\n<\/td>\n<td width=\"192\">\n<p align=\"center\">Bidh<\/p>\n<\/td>\n<td width=\"215\">mi an seo aig a h-ochd.<\/td>\n<\/tr>\n<tr>\n<td width=\"199\">Am<\/td>\n<td width=\"192\">\n<p align=\"center\">bi<\/p>\n<\/td>\n<td width=\"215\">thu aig an taigh a-nochd?<\/td>\n<\/tr>\n<tr>\n<td width=\"199\">Nach<\/td>\n<td width=\"192\">\n<p align=\"center\">bi<\/p>\n<\/td>\n<td width=\"215\">thu ann?<\/td>\n<\/tr>\n<tr>\n<td width=\"199\">Tha e a\u2019 r\u00e0dh gum<\/td>\n<td width=\"192\">\n<p align=\"center\">bi<\/p>\n<\/td>\n<td width=\"215\">e fadalach.<\/td>\n<\/tr>\n<tr>\n<td width=\"199\">Cha<\/td>\n<td width=\"192\">\n<p align=\"center\">bhi<\/p>\n<\/td>\n<td width=\"215\">mi aig an taigh a-nochd.<\/td>\n<\/tr>\n<tr>\n<td width=\"199\">C\u00f2, d\u00e8 \u2026<\/td>\n<td width=\"192\">\n<p align=\"center\">bhios<\/p>\n<\/td>\n<td width=\"215\">ann?<\/td>\n<\/tr>\n<tr>\n<td width=\"199\">Cuin a, ciamar a, carson a<\/td>\n<td width=\"192\">\n<p align=\"center\">bhios<\/p>\n<\/td>\n<td width=\"215\">a\u2019 choinneamh seachad?<\/td>\n<\/tr>\n<\/tbody>\n<\/table>\n<table class=\"eisimpleirean-t\" title=\"This table contains useage examples\" border=\"1\" cellspacing=\"0\" cellpadding=\"0\">\n<tbody>\n<tr class=\"eisimpleirean-t-h\">\n<td width=\"162\">\n<p align=\"center\">Se\u00f2rsa<\/p>\n<\/td>\n<td width=\"480\">\n<p align=\"center\">Gn\u00ecomh a-mh\u00e0in<\/p>\n<\/td>\n<\/tr>\n<tr>\n<td width=\"162\">gn\u00ecomh a-mh\u00e0in<\/td>\n<td width=\"480\">Bidh mi ag aisling, a\u2019 b\u00f2stadh, a\u2019 caoineadh, a\u2019 dol (a-mach),<br \/>\nag \u00e8isteachd, a\u2019 faicinn, a\u2019 g\u00e0ireachdainn, ag ithe, a\u2019 leughadh,<br \/>\na\u2019 magadh, a\u2019 nochdadh, ag \u00f2l, a\u2019 putadh, a\u2019 ruith, a\u2019 suidhe, a\u2019 tuiteam, ag \u00f9rnaigh.<\/td>\n<\/tr>\n<tr class=\"eisimpleirean-t-h\">\n<td width=\"162\">\n<p align=\"center\">Se\u00f2rsa<\/p>\n<\/td>\n<td width=\"480\">\n<p align=\"center\">Gn\u00ecomh + facal<\/p>\n<\/td>\n<\/tr>\n<tr>\n<td width=\"162\">\u00a0gun an t-alt<\/td>\n<td width=\"480\">Bidh mi ag altramas b\u00e8ibidh, a\u2019 bristeadh cupa, a\u2019 cur orm aodach,<br \/>\na\u2019 d\u00e8anamh dealbh, ag \u00e8igheach ainm, a\u2019 feitheamh bus, a\u2019 gabhail biadh, ag ithe aran, a\u2019 l\u00econadh toll, a\u2019 moladh Annag, a\u2019 nighe aodach, ag \u00f2l bainne, a\u2019 putadh c\u00e0r, a\u2019 ruith r\u00e8is, a\u2019 stad bus, a\u2019 togail taigh,<br \/>\nag ullachadh biadh, a\u2019 bristeadh mhaidean.<\/td>\n<\/tr>\n<tr>\n<td width=\"162\">leis an alt, <em>fireannta<\/em><\/td>\n<td width=\"480\">Bidh i ag iarnaigeadh an aodaich, a\u2019 sgioblachadh a\u2019 bh\u00f9ird, a\u2019 glanadh a\u2019 ch\u00e0ir,a\u2019 peantadh an dorais, a\u2019 gabhail an eagail, a\u2019 biadhadh an \u00e8isg, a\u2019 cluiche an fheadain, a\u2019 losgadh an fhraoich, a\u2019 ruighinn a\u2019 ghrunnd,<br \/>\na\u2019 faicinn an loch(a), a\u2019 faicinn a\u2019 mhathain, a\u2019 f\u00e0gail an nid, ag ithe an orainseir, a\u2019 fosgladh a\u2019 phreusant, a\u2019 faicinn an r\u00f2in, a\u2019 sgioblachadh an t-se\u00f2mair, a\u2019 glanadh an sg\u00e0thain, a\u2019 leughadh an sgr\u00ecobhaidh,<br \/>\na\u2019 peantadh an taighe, a\u2019 rothaigeadh an uaireadair.<\/td>\n<\/tr>\n<tr>\n<td width=\"162\">leis an alt, <em>boireannta<\/em><\/td>\n<td width=\"480\">Bidh mi a\u2019 sn\u00e0mh na h-aibhne, ag iarnaigeadh na briogais(e), a\u2019 sreap na craoibhe, a\u2019 sgioblachadh na dachaigh(e), a\u2019 glanadh na h-eaglais(e),<br \/>\na\u2019 cluiche na f\u00ecdeig(e), a\u2019 cluinntinn na gaoithe, ag ithe na glasraich(e), a\u2019 leantainn na gr\u00e0ineig(e), a\u2019 lorg na h-ialtaig(e), a\u2019 sgr\u00ecobhadh na litreach, ag ithe na maraig(e), ag innse na naidheachd, a\u2019 cluinntinn na h-\u00f2raid(e), a\u2019 sl\u00ecobadh na piseig(e), a\u2019 ruith na r\u00e8ise, a\u2019 bruthadh na suidse, a\u2019 glanadh na sgoile, a\u2019 fosgladh na h-uinneig(e)<\/td>\n<\/tr>\n<tr>\n<td width=\"162\">c\u00f2rr is aon<\/td>\n<td width=\"480\">Bidh mi a\u2019 sg\u00f9radh nam b\u00f2rd, a\u2019 glanadh nan l\u00e8intean, a\u2019 cur dh\u00ecthean.<\/td>\n<\/tr>\n<\/tbody>\n<\/table>\n<table class=\"eisimpleirean-t\" title=\"This table contains useage examples\" border=\"1\" cellspacing=\"0\" cellpadding=\"0\">\n<tbody>\n<tr class=\"eisimpleirean-t-h\">\n<td width=\"162\">\n<p align=\"center\">mi \u2026<\/p>\n<\/td>\n<td width=\"480\">\n<p align=\"center\">Gn\u00ecomh + mi\/thu\/e\/i\/sinn\/sibh\/iad<\/p>\n<\/td>\n<\/tr>\n<tr>\n<td width=\"162\">mi<\/td>\n<td width=\"480\">Am bi thu gam chuideachadh, gam fh\u00e0gail, gam \u00e8isteachd?<\/td>\n<\/tr>\n<tr>\n<td width=\"162\">thu<\/td>\n<td width=\"480\">Cha bhi mi gad chuideachadh, gad fh\u00e0gail, gad \u00e8isteachd<\/td>\n<\/tr>\n<tr>\n<td width=\"162\">e<\/td>\n<td width=\"480\">Cha bhi sinn ga chuideachadh, ga fh\u00e0gail, ga \u00e8isteachd<\/td>\n<\/tr>\n<tr>\n<td width=\"162\">i<\/td>\n<td width=\"480\">Cha bhi sinn ga cuideachadh, ga f\u00e0gail, ga h-\u00e8isteachd<\/td>\n<\/tr>\n<tr>\n<td width=\"162\">sinn<\/td>\n<td width=\"480\">Bidh e gar cuideachadh, gar f\u00e0gail, gar n-\u00e8isteachd<\/td>\n<\/tr>\n<tr>\n<td width=\"162\">sibh<\/td>\n<td width=\"480\">Bidh e gur cuideachadh, gur f\u00e0gail, gur n-\u00e8isteachd<\/td>\n<\/tr>\n<tr>\n<td rowspan=\"2\" width=\"162\">iad<\/td>\n<td width=\"480\">Bidh mi gan cuideachadh.<\/td>\n<\/tr>\n<tr>\n<td width=\"480\">Bidh sinn gam brosnachadh.<\/td>\n<\/tr>\n<\/tbody>\n<\/table>\n","protected":false},"excerpt":{"rendered":"<p>P\u00e0irt 1 bidh \u2026 P\u00e0irt 2 &#8211; Bidh mi an seo aig a h-ochd. Am bi thu aig an taigh a-nochd? Nach bi thu ann? Tha e a\u2019 r\u00e0dh gum bi e fadalach. Cha bhi mi aig an taigh a-nochd. C\u00f2, d\u00e8 \u2026 bhios ann? Cuin a, ciamar a, carson a bhios a\u2019 choinneamh seachad? [&hellip;]<\/p>\n","protected":false},"author":1,"featured_media":0,"parent":201,"menu_order":79,"comment_status":"open","ping_status":"open","template":"page-eisimpleirean.php","meta":{"inline_featured_image":false,"footnotes":""},"class_list":["post-217","page","type-page","status-publish","hentry","has-post-title","has-post-date","has-post-category","has-post-tag","has-post-comment","has-post-author",""],"builder_content":"","_links":{"self":[{"href":"https:\/\/storlann.co.uk\/mirean\/wp-json\/wp\/v2\/pages\/217","targetHints":{"allow":["GET"]}}],"collection":[{"href":"https:\/\/storlann.co.uk\/mirean\/wp-json\/wp\/v2\/pages"}],"about":[{"href":"https:\/\/storlann.co.uk\/mirean\/wp-json\/wp\/v2\/types\/page"}],"author":[{"embeddable":true,"href":"https:\/\/storlann.co.uk\/mirean\/wp-json\/wp\/v2\/users\/1"}],"replies":[{"embeddable":true,"href":"https:\/\/storlann.co.uk\/mirean\/wp-json\/wp\/v2\/comments?post=217"}],"version-history":[{"count":0,"href":"https:\/\/storlann.co.uk\/mirean\/wp-json\/wp\/v2\/pages\/217\/revisions"}],"up":[{"embeddable":true,"href":"https:\/\/storlann.co.uk\/mirean\/wp-json\/wp\/v2\/pages\/201"}],"wp:attachment":[{"href":"https:\/\/storlann.co.uk\/mirean\/wp-json\/wp\/v2\/media?parent=217"}],"curies":[{"name":"wp","href":"https:\/\/api.w.org\/{rel}","templated":true}]}}