{"id":174,"date":"2010-09-16T14:38:05","date_gmt":"2010-09-16T14:38:05","guid":{"rendered":"http:\/\/localhost\/wordpress\/?page_id=174"},"modified":"2018-01-08T16:54:18","modified_gmt":"2018-01-08T16:54:18","slug":"rudan","status":"publish","type":"page","link":"https:\/\/storlann.co.uk\/mirean\/clar-amais\/rudan\/","title":{"rendered":"Rudan"},"content":{"rendered":"<h3 class=\"aithghearrachd\">Aithghearrachd<\/h3>\n<p><em>Tha na faclan airson rudan (agus daoine) a&#8217; leantainn nam p\u00e0tran a leanas:<\/em><\/p>\n<p><strong>Tha am b\u00f2rd glan. [Faclan fireannta]<\/strong><\/p>\n<ul class=\"mirean-list\">\n<li>am b\u00f2rd, an cat<\/li>\n<li>an sruth, am feadan<\/li>\n<li>an t-aran, an t-\u00f2ran<\/li>\n<\/ul>\n<p><strong>Tha leabhar air a&#8217; bh\u00f2rd.<\/strong><\/p>\n<ul class=\"mirean-list\">\n<li>air a&#8217; bh\u00f2rd, anns a&#8217; ch\u00e0r<\/li>\n<li>air an t-s\u00e8ithear, anns an t-sruth<\/li>\n<li>leis an \u00f2rd, leis an fheadan<\/li>\n<li>aig an doras, anns an sgioba<\/li>\n<\/ul>\n<p><strong>Tha an dr\u00e0ibhear ri taobh a&#8217; ch\u00e0ir.<\/strong><\/p>\n<ul class=\"mirean-list\">\n<li>c\u00f2ta a&#8217; bhalaich, earball a&#8217; chait<\/li>\n<li>fonn an \u00f2rain, a&#8217; cluiche an fheadain<\/li>\n<li>ri taobh an t\u2013s\u00e8itheir<\/li>\n<li>air c\u00f9l an dorais, ri taobh an teine<\/li>\n<li>mullach an taighe<\/li>\n<li>mullach taigh a&#8217; bhodaich<\/li>\n<li>doras c\u00e0ir, a&#8217; dr\u00e0ibheadh c\u00e0r<\/li>\n<\/ul>\n<p><strong>Tha a&#8217; chaileag snog. [Faclan boireannta]<\/strong><\/p>\n<ul class=\"mirean-list\">\n<li>a&#8217; bhr\u00f2g, a&#8217; chaileag<\/li>\n<li>an uinneag, an uiseag<\/li>\n<li>an fhe\u00f2rag, an fheusag<\/li>\n<li>an t-sr\u00e0id, an t-sr\u00f2n<\/li>\n<li>an deoch, an tunnag<\/li>\n<li>an luch, an sgoil<\/li>\n<\/ul>\n<p><strong>Tha am b\u00e8ibidh a&#8217; cluiche ris a&#8217; phiseig.<\/strong><\/p>\n<ul class=\"mirean-list\">\n<li>air a&#8217; bhr\u00f2ig<\/li>\n<li>aig an uinneig<\/li>\n<li>air an t-sr\u00e0id<\/li>\n<li>air an duilleig<\/li>\n<\/ul>\n<p><strong>Tha mi a&#8217; cluinntinn clag na sgoile.<\/strong><\/p>\n<ul class=\"mirean-list\">\n<li>earball na muice<\/li>\n<li>fuaim na sr\u00e0ide<\/li>\n<li>solas na h-uinneig(e)<\/li>\n<li>ugh tunnaig(e)<\/li>\n<li>a&#8217; glanadh uinneag<\/li>\n<\/ul>\n<p><strong>Peansailean, leabhraichean agus pinn [C\u00f2rr is aon rud]<\/strong><\/p>\n<ul class=\"mirean-list\">\n<li>adan, br\u00f2gan<\/li>\n<li>leabhraichean<\/li>\n<li>balaich, cait, solais, pinn<\/li>\n<li>bogsa mhaidsichean<\/li>\n<li>preasa chupannan.<\/li>\n<\/ul>\n<p><strong>Tha na balaich a&#8217; cluiche ball-coise.<\/strong><\/p>\n<ul>\n<li>na balaich &#8211; do na balaich<\/li>\n<li>na h-adan &#8211; leis na h- adan<\/li>\n<li>s\u00e0il nam br\u00f2gan<\/li>\n<li>taigh-beag nam balach<\/li>\n<li>Radio nan G\u00e0idheal<\/li>\n<\/ul>\n<p>&nbsp;<\/p>\n<hr \/>\n<div id=\"ccchildpages-1\" class=\"ccchildpages ccflex twocol ccgreen ccclearfix\"><ul class=\"ccchildpages_list ccclearfix\"><li class=\"page_item page-item-338 page_item_has_children\"><a href=\"https:\/\/storlann.co.uk\/mirean\/clar-amais\/rudan\/an-cat-an-sruth-faclan-fireanta\/\">An cat, an sruth (faclan f\u00ecreannta)<\/a><\/li>\n<li class=\"page_item page-item-336 page_item_has_children\"><a href=\"https:\/\/storlann.co.uk\/mirean\/clar-amais\/rudan\/a-bhrog-an-uinneag-faclan-boireannta\/\">A&#8217; bhr\u00f2g, an uinneag (faclan boireannta)<\/a><\/li>\n<li class=\"page_item page-item-334 page_item_has_children\"><a href=\"https:\/\/storlann.co.uk\/mirean\/clar-amais\/rudan\/adan-brogan-sraidean-corr-is-aon\/\">Adan, br\u00f2gan, sr\u00e0idean (c\u00f2rr is aon)<\/a><\/li><\/ul><\/div>\n","protected":false},"excerpt":{"rendered":"<p>Aithghearrachd Tha na faclan airson rudan (agus daoine) a&#8217; leantainn nam p\u00e0tran a leanas: Tha am b\u00f2rd glan. [Faclan fireannta] am b\u00f2rd, an cat an sruth, am feadan an t-aran, an t-\u00f2ran Tha leabhar air a&#8217; bh\u00f2rd. air a&#8217; bh\u00f2rd, anns a&#8217; ch\u00e0r air an t-s\u00e8ithear, anns an t-sruth leis an \u00f2rd, leis an fheadan [&hellip;]<\/p>\n","protected":false},"author":1,"featured_media":0,"parent":225,"menu_order":118,"comment_status":"closed","ping_status":"closed","template":"","meta":{"inline_featured_image":false,"footnotes":""},"class_list":["post-174","page","type-page","status-publish","hentry","has-post-title","has-post-date","has-post-category","has-post-tag","has-post-comment","has-post-author",""],"builder_content":"","_links":{"self":[{"href":"https:\/\/storlann.co.uk\/mirean\/wp-json\/wp\/v2\/pages\/174","targetHints":{"allow":["GET"]}}],"collection":[{"href":"https:\/\/storlann.co.uk\/mirean\/wp-json\/wp\/v2\/pages"}],"about":[{"href":"https:\/\/storlann.co.uk\/mirean\/wp-json\/wp\/v2\/types\/page"}],"author":[{"embeddable":true,"href":"https:\/\/storlann.co.uk\/mirean\/wp-json\/wp\/v2\/users\/1"}],"replies":[{"embeddable":true,"href":"https:\/\/storlann.co.uk\/mirean\/wp-json\/wp\/v2\/comments?post=174"}],"version-history":[{"count":0,"href":"https:\/\/storlann.co.uk\/mirean\/wp-json\/wp\/v2\/pages\/174\/revisions"}],"up":[{"embeddable":true,"href":"https:\/\/storlann.co.uk\/mirean\/wp-json\/wp\/v2\/pages\/225"}],"wp:attachment":[{"href":"https:\/\/storlann.co.uk\/mirean\/wp-json\/wp\/v2\/media?parent=174"}],"curies":[{"name":"wp","href":"https:\/\/api.w.org\/{rel}","templated":true}]}}