{"id":153,"date":"2010-09-16T14:32:15","date_gmt":"2010-09-16T14:32:15","guid":{"rendered":"http:\/\/localhost\/wordpress\/?page_id=153"},"modified":"2018-01-09T16:32:24","modified_gmt":"2018-01-09T16:32:24","slug":"obair-ire-2","status":"publish","type":"page","link":"https:\/\/storlann.co.uk\/mirean\/clar-amais\/ag-innse-mu-rudan-a-thachair-ron-a-seo\/bha-e-air-falbh-mus-tainig-mi\/obair-ire-2\/","title":{"rendered":"Obair \u00ecre 2"},"content":{"rendered":"<div class=\"obair-ire-2-wrapper\">\n<p class=\"obair-ire2\"><em>Bha e air falbh mus t\u00e0inig mi; thill i oir bha i air a sporan fh\u00e0gail; bha iad air na c\u00e8icean ithe air fad mus do r\u00e0inig sinn<\/em><\/p>\n<h3>Gn\u00ecomhan<\/h3>\n<p><strong>Daoine \u00e0 eachdraidh<\/strong><br \/>\n Thoir dhaibh duilleag le dealbhan dhaoine \u00e0 eachdraidh oirre. Iarr orra seantans a sgr\u00ecobhadh mu gach duine, a\u2019 cleachdadh p\u00e0tran na seachdain.<\/p>\n<p>me<\/p>\n<h3 style=\"text-align: center;\"><a href=\"https:\/\/storlann.co.uk\/mirean\/wp-content\/uploads\/2010\/09\/william-shakespeare.jpg\"><img loading=\"lazy\" decoding=\"async\" class=\"aligncenter size-full wp-image-2033\" title=\"william-shakespeare\" src=\"https:\/\/storlann.co.uk\/mirean\/wp-content\/uploads\/2010\/09\/william-shakespeare.jpg\" alt=\"Image: William Shakespeare (Copyright: The Guardian)\" width=\"360\" height=\"216\" srcset=\"https:\/\/storlann.co.uk\/mirean\/wp-content\/uploads\/2010\/09\/william-shakespeare.jpg 360w, https:\/\/storlann.co.uk\/mirean\/wp-content\/uploads\/2010\/09\/william-shakespeare-300x180.jpg 300w\" sizes=\"auto, (max-width: 360px) 100vw, 360px\" \/><\/a><strong><br \/>\n William Shakespeare<\/strong><\/h3>\n<p>Bha William Shakespeare air t\u00f2rr dealbhan-cluiche a sgr\u00ecobhadh.<\/p>\n<h3>\u00a0<\/h3>\n<h3><a href=\"https:\/\/storlann.co.uk\/mirean\/wp-content\/uploads\/2010\/09\/alexander-graham-bell.jpg\"><img loading=\"lazy\" decoding=\"async\" class=\"aligncenter size-full wp-image-2035\" title=\"alexander graham bell\" src=\"https:\/\/storlann.co.uk\/mirean\/wp-content\/uploads\/2010\/09\/alexander-graham-bell.jpg\" alt=\"Image: Alexander Graham Bell\" width=\"360\" height=\"235\" srcset=\"https:\/\/storlann.co.uk\/mirean\/wp-content\/uploads\/2010\/09\/alexander-graham-bell.jpg 360w, https:\/\/storlann.co.uk\/mirean\/wp-content\/uploads\/2010\/09\/alexander-graham-bell-300x195.jpg 300w\" sizes=\"auto, (max-width: 360px) 100vw, 360px\" \/><\/a><\/h3>\n<p style=\"text-align: center;\"><strong>Alexander Graham Bell<\/strong><\/p>\n<p>Bha Alexander Graham Bell air a\u2019 chiad f\u00f2n a dh\u00e8anamh.<\/p>\n<p>msaa<\/p>\n<p><span style=\"text-decoration: underline;\">\u00a0<\/span><\/p>\n<\/div>\n","protected":false},"excerpt":{"rendered":"<p>Bha e air falbh mus t\u00e0inig mi; thill i oir bha i air a sporan fh\u00e0gail; bha iad air na c\u00e8icean ithe air fad mus do r\u00e0inig sinn Gn\u00ecomhan Daoine \u00e0 eachdraidh Thoir dhaibh duilleag le dealbhan dhaoine \u00e0 eachdraidh oirre. Iarr orra seantans a sgr\u00ecobhadh mu gach duine, a\u2019 cleachdadh p\u00e0tran na seachdain. me [&hellip;]<\/p>\n","protected":false},"author":1,"featured_media":0,"parent":90,"menu_order":0,"comment_status":"closed","ping_status":"closed","template":"","meta":{"inline_featured_image":false,"footnotes":""},"class_list":["post-153","page","type-page","status-publish","hentry","has-post-title","has-post-date","has-post-category","has-post-tag","has-post-comment","has-post-author",""],"builder_content":"","_links":{"self":[{"href":"https:\/\/storlann.co.uk\/mirean\/wp-json\/wp\/v2\/pages\/153","targetHints":{"allow":["GET"]}}],"collection":[{"href":"https:\/\/storlann.co.uk\/mirean\/wp-json\/wp\/v2\/pages"}],"about":[{"href":"https:\/\/storlann.co.uk\/mirean\/wp-json\/wp\/v2\/types\/page"}],"author":[{"embeddable":true,"href":"https:\/\/storlann.co.uk\/mirean\/wp-json\/wp\/v2\/users\/1"}],"replies":[{"embeddable":true,"href":"https:\/\/storlann.co.uk\/mirean\/wp-json\/wp\/v2\/comments?post=153"}],"version-history":[{"count":0,"href":"https:\/\/storlann.co.uk\/mirean\/wp-json\/wp\/v2\/pages\/153\/revisions"}],"up":[{"embeddable":true,"href":"https:\/\/storlann.co.uk\/mirean\/wp-json\/wp\/v2\/pages\/90"}],"wp:attachment":[{"href":"https:\/\/storlann.co.uk\/mirean\/wp-json\/wp\/v2\/media?parent=153"}],"curies":[{"name":"wp","href":"https:\/\/api.w.org\/{rel}","templated":true}]}}

Obair ìre 2

<div class="obair-ire-2-wrapper">
<p class="obair-ire2"><em>Bha e air falbh mus tàinig mi; thill i oir bha i air a sporan fhàgail; bha iad air na cèicean ithe air fad mus do ràinig sinn</em></p>
<h3>Gnìomhan</h3>
<p><strong>Daoine à eachdraidh</strong><br />
 Thoir dhaibh duilleag le dealbhan dhaoine à eachdraidh oirre. Iarr orra seantans a sgrìobhadh mu gach duine, a’ cleachdadh pàtran na seachdain.</p>
<p>me</p>
<h3 style="text-align: center;"><a href="https://storlann.co.uk/mirean/wp-content/uploads/2010/09/william-shakespeare.jpg"><img loading="lazy" decoding="async" class="aligncenter size-full wp-image-2033" title="william-shakespeare" src="https://storlann.co.uk/mirean/wp-content/uploads/2010/09/william-shakespeare.jpg" alt="Image: William Shakespeare (Copyright: The Guardian)" width="360" height="216" srcset="https://storlann.co.uk/mirean/wp-content/uploads/2010/09/william-shakespeare.jpg 360w, https://storlann.co.uk/mirean/wp-content/uploads/2010/09/william-shakespeare-300x180.jpg 300w" sizes="auto, (max-width: 360px) 100vw, 360px" /></a><strong><br />
 William Shakespeare</strong></h3>
<p>Bha William Shakespeare air tòrr dealbhan-cluiche a sgrìobhadh.</p>
<h3> </h3>
<h3><a href="https://storlann.co.uk/mirean/wp-content/uploads/2010/09/alexander-graham-bell.jpg"><img loading="lazy" decoding="async" class="aligncenter size-full wp-image-2035" title="alexander graham bell" src="https://storlann.co.uk/mirean/wp-content/uploads/2010/09/alexander-graham-bell.jpg" alt="Image: Alexander Graham Bell" width="360" height="235" srcset="https://storlann.co.uk/mirean/wp-content/uploads/2010/09/alexander-graham-bell.jpg 360w, https://storlann.co.uk/mirean/wp-content/uploads/2010/09/alexander-graham-bell-300x195.jpg 300w" sizes="auto, (max-width: 360px) 100vw, 360px" /></a></h3>
<p style="text-align: center;"><strong>Alexander Graham Bell</strong></p>
<p>Bha Alexander Graham Bell air a’ chiad fòn a dhèanamh.</p>
<p>msaa</p>
<p><span style="text-decoration: underline;"> </span></p>
</div>

<p>Bha e air falbh mus tàinig mi; thill i oir bha i air a sporan fhàgail; bha iad air na cèicean ithe air fad mus do ràinig sinn Gnìomhan Daoine à eachdraidh Thoir dhaibh duilleag le dealbhan dhaoine à eachdraidh oirre. Iarr orra seantans a sgrìobhadh mu gach duine, a’ cleachdadh pàtran na seachdain. me [&hellip;]</p>
