{"id":1936,"date":"2022-05-20T11:00:42","date_gmt":"2022-05-20T10:00:42","guid":{"rendered":"https:\/\/storlann.co.uk\/ceumannan\/?page_id=1936"},"modified":"2023-02-23T15:50:05","modified_gmt":"2023-02-23T15:50:05","slug":"ceuman-oke","status":"publish","type":"page","link":"https:\/\/storlann.co.uk\/ceumannan\/ceumannan-3\/ceuman-oke\/","title":{"rendered":"C3 &#8211; Ceuman-oke"},"content":{"rendered":"<!--themify_builder_content-->\n<div id=\"themify_builder_content-1936\" data-postid=\"1936\" class=\"themify_builder_content themify_builder_content-1936 themify_builder tf_clear\">\n                    <div  data-lazy=\"1\" class=\"module_row themify_builder_row tb_6efn366 tb_first tf_w\">\n                        <div class=\"row_inner col_align_top tb_col_count_1 tf_box tf_rel\">\n                        <div  data-lazy=\"1\" class=\"module_column tb-column col-full tb_1i25366 first\">\n                    <!-- module text -->\n<div  class=\"module module-text tb_96lx133   \" data-lazy=\"1\">\n        <div  class=\"tb_text_wrap\">\n        <h1>Ceumanoke!<\/h1>\n<p>A bheil thu deiseil airson Ceuman-oke? Are you ready for some Ceuman-oke?<\/p>    <\/div>\n<\/div>\n<!-- \/module text -->        <\/div>\n                        <\/div>\n        <\/div>\n                        <div  data-lazy=\"1\" class=\"module_row themify_builder_row tb_q5a3610 tf_w\">\n                        <div class=\"row_inner col_align_top tb_col_count_2 tf_box tf_rel\">\n                        <div  data-lazy=\"1\" class=\"module_column tb-column col3-1 tb_8d16611 first\">\n                    <!-- module plain text -->\n<div  class=\"module module-plain-text tb_s6xp954 \" data-lazy=\"1\">\n        <div class=\"tb_text_wrap\">\n      \n            <script type=\"text\/javascript\">\nvar playerhost = ((\"https:\" == document.location.protocol) ? \"https:\/\/ezs37f4f0251edfa447f5738f04d2b277482.s3.amazonaws.com\/ezs3playlists\/secure\/\" : \"https:\/\/ezs37f4f0251edfa447f5738f04d2b277482.s3.amazonaws.com\/ezs3playlists\/players\/\");\ndocument.write(unescape(\"%3Cscript src='\" + playerhost + \"9B4BF41D-D4AE-52BC-EDCD0F096A346C4C.js' type='text\/javascript'%3E%3C\/script%3E\"));\n            <\/script><script src=\"https:\/\/ezs37f4f0251edfa447f5738f04d2b277482.s3.amazonaws.com\/ezs3playlists\/secure\/9B4BF41D-D4AE-52BC-EDCD0F096A346C4C.js\" type=\"text\/javascript\"><\/script>    <\/div>\n<\/div>\n<!-- \/module plain text -->        <\/div>\n                    <div  data-lazy=\"1\" class=\"module_column tb-column col3-2 tb_6f8o700 last\">\n                    <!-- module text -->\n<div  class=\"module module-text tb_f8gc356  fullcover \" data-lazy=\"1\">\n        <div  class=\"tb_text_wrap\">\n        <p>Seo na \u2018backing tracks\u2019 \u00e0 \u00f2rain <strong>Cheumannan 1, 2<\/strong> agus <strong>3<\/strong>. A bheil thu fh\u00e8in airson seinn? Cl\u00e0raich an t-\u00f2ran agus <a href=\"mailto:ceumannan@storlann.co.uk\" class=\"red-link\">cuir thugainn e<\/a>, gus an cluinn a h-uile duine e. Tha na faclan air fad air an l\u00e0rach cuideachd.<\/p>\n<p>A bheil thu airson \u00f2ran a sgr\u00ecobhadh? Seo do chothrom. Faodaidh tu \u00f2ran \u00f9r a sgr\u00ecobhadh air fear dhe na fuinn an seo, agus cumaidh Blair D\u00f9ghlas taic riut. C\u00f2 dh\u2019iarradh an c\u00f2rr?<\/p>\n<p>Tha sinn a\u2019 coimhead air adhart gu m\u00f2r ris na h-\u00f2rain a chluinntinn! (\u2026 Chaidh mi fh\u00ecn \u2018s mo theaghlach air saor-l\u00e0ithean\u2026 (and again)<\/p>\n<div class=\"beige-text\">\n<p>Here are all the backing tracks for the songs from <strong>Ceumannan 1, 2<\/strong> and <strong>3<\/strong>. Do you fancy giving us a song? Record the song and <a href=\"mailto:ceumannan@storlann.co.uk\" class=\"red-link\">send it to us<\/a>, so as everyone can enjoy it. Remember, the words are all on this website too!<\/p>\n<p>Or would you prefer to write your own song? Here\u2019s your chance. You can write a new song, put it to one of these tunes, and you\u2019ll have Blair Douglas accompanying you. Who could ask for more?<\/p>\n<p>We\u2019re really looking forward to hearing your songs! (\u2026 Chaidh mi fh\u00ecn \u2018s mo theaghlach air saor-l\u00e0ithean\u2026 (and again)<\/p>\n<\/div>\n    <\/div>\n<\/div>\n<!-- \/module text -->        <\/div>\n                        <\/div>\n        <\/div>\n        <\/div>\n<!--\/themify_builder_content-->","protected":false},"excerpt":{"rendered":"<p>Ceumanoke! A bheil thu deiseil airson Ceuman-oke? Are you ready for some Ceuman-oke? Seo na \u2018backing tracks\u2019 \u00e0 \u00f2rain Cheumannan 1, 2 agus 3. A bheil thu fh\u00e8in airson seinn? Cl\u00e0raich an t-\u00f2ran agus cuir thugainn e, gus an cluinn a h-uile duine e. Tha na faclan air fad air an l\u00e0rach cuideachd. A bheil [&hellip;]<\/p>\n","protected":false},"author":3,"featured_media":0,"parent":68,"menu_order":0,"comment_status":"closed","ping_status":"closed","template":"","meta":{"footnotes":""},"categories":[41],"class_list":["post-1936","page","type-page","status-publish","hentry","category-leabhar-3","has-post-title","has-post-date","has-post-category","has-post-tag","has-post-comment","has-post-author",""],"builder_content":"<h1>Ceumanoke!<\/h1> <p>A bheil thu deiseil airson Ceuman-oke? Are you ready for some Ceuman-oke?<\/p>\n\n<p>Seo na \u2018backing tracks\u2019 \u00e0 \u00f2rain <strong>Cheumannan 1, 2<\/strong> agus <strong>3<\/strong>. A bheil thu fh\u00e8in airson seinn? Cl\u00e0raich an t-\u00f2ran agus <a href=\"mailto:ceumannan@storlann.co.uk\">cuir thugainn e<\/a>, gus an cluinn a h-uile duine e. Tha na faclan air fad air an l\u00e0rach cuideachd.<\/p> <p>A bheil thu airson \u00f2ran a sgr\u00ecobhadh? Seo do chothrom. Faodaidh tu \u00f2ran \u00f9r a sgr\u00ecobhadh air fear dhe na fuinn an seo, agus cumaidh Blair D\u00f9ghlas taic riut. C\u00f2 dh\u2019iarradh an c\u00f2rr?<\/p> <p>Tha sinn a\u2019 coimhead air adhart gu m\u00f2r ris na h-\u00f2rain a chluinntinn! (\u2026 Chaidh mi fh\u00ecn \u2018s mo theaghlach air saor-l\u00e0ithean\u2026 (and again)<\/p>\n<p>Here are all the backing tracks for the songs from <strong>Ceumannan 1, 2<\/strong> and <strong>3<\/strong>. Do you fancy giving us a song? Record the song and <a href=\"mailto:ceumannan@storlann.co.uk\">send it to us<\/a>, so as everyone can enjoy it. Remember, the words are all on this website too!<\/p> <p>Or would you prefer to write your own song? Here\u2019s your chance. You can write a new song, put it to one of these tunes, and you\u2019ll have Blair Douglas accompanying you. Who could ask for more?<\/p> <p>We\u2019re really looking forward to hearing your songs! (\u2026 Chaidh mi fh\u00ecn \u2018s mo theaghlach air saor-l\u00e0ithean\u2026 (and again)<\/p>","_links":{"self":[{"href":"https:\/\/storlann.co.uk\/ceumannan\/wp-json\/wp\/v2\/pages\/1936","targetHints":{"allow":["GET"]}}],"collection":[{"href":"https:\/\/storlann.co.uk\/ceumannan\/wp-json\/wp\/v2\/pages"}],"about":[{"href":"https:\/\/storlann.co.uk\/ceumannan\/wp-json\/wp\/v2\/types\/page"}],"author":[{"embeddable":true,"href":"https:\/\/storlann.co.uk\/ceumannan\/wp-json\/wp\/v2\/users\/3"}],"replies":[{"embeddable":true,"href":"https:\/\/storlann.co.uk\/ceumannan\/wp-json\/wp\/v2\/comments?post=1936"}],"version-history":[{"count":0,"href":"https:\/\/storlann.co.uk\/ceumannan\/wp-json\/wp\/v2\/pages\/1936\/revisions"}],"up":[{"embeddable":true,"href":"https:\/\/storlann.co.uk\/ceumannan\/wp-json\/wp\/v2\/pages\/68"}],"wp:attachment":[{"href":"https:\/\/storlann.co.uk\/ceumannan\/wp-json\/wp\/v2\/media?parent=1936"}],"wp:term":[{"taxonomy":"category","embeddable":true,"href":"https:\/\/storlann.co.uk\/ceumannan\/wp-json\/wp\/v2\/categories?post=1936"}],"curies":[{"name":"wp","href":"https:\/\/api.w.org\/{rel}","templated":true}]}}